CRAN Package Check Results for Package detourr

Last updated on 2022-09-24 21:51:00 CEST.

Flavor Version Tinstall Tcheck Ttotal Status Flags
r-devel-linux-x86_64-debian-clang 0.1.0 6.90 52.20 59.10 OK
r-devel-linux-x86_64-debian-gcc 0.1.0 5.19 39.98 45.17 OK
r-devel-linux-x86_64-fedora-clang 0.1.0 81.07 NOTE
r-devel-linux-x86_64-fedora-gcc 0.1.0 81.66 OK
r-devel-windows-x86_64 0.1.0 23.00 89.00 112.00 NOTE
r-patched-linux-x86_64 0.1.0 5.98 49.40 55.38 OK
r-release-linux-x86_64 0.1.0 6.33 49.44 55.77 OK
r-release-macos-arm64 0.1.0 29.00 NOTE
r-release-macos-x86_64 0.1.0 38.00 NOTE
r-release-windows-x86_64 0.1.0 38.00 85.00 123.00 NOTE
r-oldrel-macos-arm64 0.1.0 27.00 NOTE
r-oldrel-macos-x86_64 0.1.0 37.00 NOTE
r-oldrel-windows-ix86+x86_64 0.1.0 14.00 72.00 86.00 NOTE

Check Details

Version: 0.1.0
Check: installed package size
Result: NOTE
     installed size is 5.7Mb
     sub-directories of 1Mb or more:
     data 1.8Mb
     htmlwidgets 3.7Mb
Flavors: r-devel-linux-x86_64-fedora-clang, r-devel-windows-x86_64, r-release-macos-arm64, r-release-macos-x86_64, r-release-windows-x86_64, r-oldrel-macos-arm64, r-oldrel-macos-x86_64, r-oldrel-windows-ix86+x86_64