Last updated on 2022-08-13 18:50:58 CEST.
Flavor | Version | Tinstall | Tcheck | Ttotal | Status | Flags |
---|---|---|---|---|---|---|
r-devel-linux-x86_64-debian-clang | 0.3.0 | 6.76 | 73.90 | 80.66 | OK | |
r-devel-linux-x86_64-debian-gcc | 0.3.0 | 5.58 | 54.96 | 60.54 | OK | |
r-devel-linux-x86_64-fedora-clang | 0.3.0 | 105.51 | NOTE | |||
r-devel-linux-x86_64-fedora-gcc | 0.3.0 | 106.53 | OK | |||
r-devel-windows-x86_64 | 0.3.0 | 45.00 | 108.00 | 153.00 | OK | |
r-patched-linux-x86_64 | 0.3.0 | 12.51 | 68.85 | 81.36 | OK | |
r-release-linux-x86_64 | 0.3.0 | 6.80 | 68.53 | 75.33 | OK | |
r-release-macos-arm64 | 0.3.0 | 35.00 | OK | |||
r-release-macos-x86_64 | 0.3.0 | 68.00 | OK | |||
r-release-windows-x86_64 | 0.3.0 | 40.00 | 106.00 | 146.00 | OK | |
r-oldrel-macos-arm64 | 0.3.0 | 29.00 | OK | |||
r-oldrel-macos-x86_64 | 0.3.0 | 62.00 | OK | |||
r-oldrel-windows-ix86+x86_64 | 0.3.0 | 16.00 | 98.00 | 114.00 | OK |
Version: 0.3.0
Check: Rd cross-references
Result: NOTE
Undeclared package ‘htmlwidgets’ in Rd xrefs
Flavor: r-devel-linux-x86_64-fedora-clang