CRAN Package Check Results for Package derivmkts

Last updated on 2022-08-15 12:53:57 CEST.

Flavor Version Tinstall Tcheck Ttotal Status Flags
r-devel-linux-x86_64-debian-clang 0.2.5 4.65 66.47 71.12 NOTE
r-devel-linux-x86_64-debian-gcc 0.2.5 3.99 49.51 53.50 NOTE
r-devel-linux-x86_64-fedora-clang 0.2.5 96.67 NOTE
r-devel-linux-x86_64-fedora-gcc 0.2.5 98.17 NOTE
r-devel-windows-x86_64 0.2.5 44.00 122.00 166.00 NOTE
r-patched-linux-x86_64 0.2.5 4.86 61.68 66.54 OK
r-release-linux-x86_64 0.2.5 4.52 61.22 65.74 OK
r-release-macos-arm64 0.2.5 36.00 OK
r-release-macos-x86_64 0.2.5 38.00 OK
r-release-windows-x86_64 0.2.5 45.00 125.00 170.00 OK
r-oldrel-macos-arm64 0.2.5 28.00 OK
r-oldrel-macos-x86_64 0.2.5 38.00 OK
r-oldrel-windows-ix86+x86_64 0.2.5 11.00 102.00 113.00 OK

Check Details

Version: 0.2.5
Check: Rd files
Result: NOTE
    checkRd: (-1) barriers.Rd:127: Escaped LaTeX specials: \$
Flavors: r-devel-linux-x86_64-debian-clang, r-devel-linux-x86_64-debian-gcc, r-devel-linux-x86_64-fedora-clang, r-devel-linux-x86_64-fedora-gcc, r-devel-windows-x86_64