CRAN Package Check Results for Package denseFLMM

Last updated on 2020-10-26 13:46:55 CET.

Flavor Version Tinstall Tcheck Ttotal Status Flags
r-devel-linux-x86_64-debian-clang 0.1.2 8.96 63.70 72.66 OK
r-devel-linux-x86_64-debian-gcc 0.1.2 5.85 48.76 54.61 OK
r-devel-linux-x86_64-fedora-clang 0.1.2 93.97 NOTE
r-devel-linux-x86_64-fedora-gcc 0.1.2 82.57 NOTE
r-devel-windows-ix86+x86_64 0.1.2 17.00 83.00 100.00 OK
r-patched-linux-x86_64 0.1.2 7.66 58.42 66.08 OK
r-patched-solaris-x86 0.1.2 121.00 NOTE
r-release-linux-x86_64 0.1.2 6.67 58.71 65.38 OK
r-release-macos-x86_64 0.1.2 NOTE
r-release-windows-ix86+x86_64 0.1.2 12.00 61.00 73.00 OK
r-oldrel-macos-x86_64 0.1.2 NOTE
r-oldrel-windows-ix86+x86_64 0.1.2 14.00 60.00 74.00 OK

Check Details

Version: 0.1.2
Check: dependencies in R code
Result: NOTE
    Namespace in Imports field not imported from: ‘mvtnorm’
     All declared Imports should be used.
Flavors: r-devel-linux-x86_64-fedora-clang, r-devel-linux-x86_64-fedora-gcc, r-patched-solaris-x86, r-release-macos-x86_64, r-oldrel-macos-x86_64