Last updated on 2022-08-16 12:52:58 CEST.
Flavor | Version | Tinstall | Tcheck | Ttotal | Status | Flags |
---|---|---|---|---|---|---|
r-devel-linux-x86_64-debian-clang | 0.1.0 | 5.45 | 57.45 | 62.90 | OK | |
r-devel-linux-x86_64-debian-gcc | 0.1.0 | 3.83 | 43.30 | 47.13 | OK | |
r-devel-linux-x86_64-fedora-clang | 0.1.0 | 86.07 | NOTE | |||
r-devel-linux-x86_64-fedora-gcc | 0.1.0 | 88.16 | NOTE | |||
r-devel-windows-x86_64 | 0.1.0 | 9.00 | 89.00 | 98.00 | OK | |
r-patched-linux-x86_64 | 0.1.0 | 4.61 | 53.51 | 58.12 | OK | |
r-release-linux-x86_64 | 0.1.0 | 5.15 | 54.90 | 60.05 | OK | |
r-release-macos-arm64 | 0.1.0 | 25.00 | NOTE | |||
r-release-macos-x86_64 | 0.1.0 | 49.00 | NOTE | |||
r-release-windows-x86_64 | 0.1.0 | 16.00 | 84.00 | 100.00 | OK | |
r-oldrel-macos-arm64 | 0.1.0 | 32.00 | NOTE | |||
r-oldrel-macos-x86_64 | 0.1.0 | 48.00 | NOTE | |||
r-oldrel-windows-ix86+x86_64 | 0.1.0 | 16.00 | 78.00 | 94.00 | OK |
Version: 0.1.0
Check: dependencies in R code
Result: NOTE
Namespace in Imports field not imported from: ‘knitr’
All declared Imports should be used.
Flavors: r-devel-linux-x86_64-fedora-clang, r-devel-linux-x86_64-fedora-gcc, r-release-macos-arm64, r-release-macos-x86_64, r-oldrel-macos-arm64, r-oldrel-macos-x86_64