CRAN Package Check Results for Package deltaPlotR

Last updated on 2020-10-21 13:49:52 CEST.

Flavor Version Tinstall Tcheck Ttotal Status Flags
r-devel-linux-x86_64-debian-clang 1.6 2.62 23.90 26.52 NOTE
r-devel-linux-x86_64-debian-gcc 1.6 1.90 18.76 20.66 NOTE
r-devel-linux-x86_64-fedora-clang 1.6 40.49 NOTE
r-devel-linux-x86_64-fedora-gcc 1.6 30.98 NOTE
r-devel-windows-ix86+x86_64 1.6 7.00 41.00 48.00 OK
r-patched-linux-x86_64 1.6 2.61 22.75 25.36 NOTE
r-patched-solaris-x86 1.6 46.40 NOTE
r-release-linux-x86_64 1.6 2.30 22.95 25.25 NOTE
r-release-macos-x86_64 1.6 OK
r-release-windows-ix86+x86_64 1.6 6.00 32.00 38.00 OK
r-oldrel-macos-x86_64 1.6 OK
r-oldrel-windows-ix86+x86_64 1.6 4.00 30.00 34.00 OK

Check Details

Version: 1.6
Check: for non-standard things in the check directory
Result: NOTE
    Found the following files/directories:
     'res.pdf' 'res1.jpg'
Flavors: r-devel-linux-x86_64-debian-clang, r-devel-linux-x86_64-debian-gcc, r-devel-linux-x86_64-fedora-clang, r-devel-linux-x86_64-fedora-gcc, r-patched-linux-x86_64, r-patched-solaris-x86, r-release-linux-x86_64