CRAN Package Check Results for Package deflateBR

Last updated on 2022-09-26 19:50:34 CEST.

Flavor Version Tinstall Tcheck Ttotal Status Flags
r-devel-linux-x86_64-debian-clang 1.1.2 2.50 31.51 34.01 NOTE
r-devel-linux-x86_64-debian-gcc 1.1.2 2.20 25.02 27.22 NOTE
r-devel-linux-x86_64-fedora-clang 1.1.2 56.13 NOTE
r-devel-linux-x86_64-fedora-gcc 1.1.2 54.30 NOTE
r-devel-windows-x86_64 1.1.2 9.00 59.00 68.00 NOTE
r-patched-linux-x86_64 1.1.2 2.65 30.85 33.50 NOTE
r-release-linux-x86_64 1.1.2 3.39 30.99 34.38 NOTE
r-release-macos-arm64 1.1.2 18.00 NOTE
r-release-macos-x86_64 1.1.2 30.00 NOTE
r-release-windows-x86_64 1.1.2 13.00 58.00 71.00 NOTE
r-oldrel-macos-arm64 1.1.2 24.00 NOTE
r-oldrel-macos-x86_64 1.1.2 33.00 NOTE
r-oldrel-windows-ix86+x86_64 1.1.2 8.00 57.00 65.00 NOTE

Check Details

Version: 1.1.2
Check: LazyData
Result: NOTE
     'LazyData' is specified without a 'data' directory
Flavors: r-devel-linux-x86_64-debian-clang, r-devel-linux-x86_64-debian-gcc, r-devel-linux-x86_64-fedora-clang, r-devel-linux-x86_64-fedora-gcc, r-devel-windows-x86_64, r-patched-linux-x86_64, r-release-linux-x86_64, r-release-macos-arm64, r-release-macos-x86_64, r-release-windows-x86_64, r-oldrel-macos-arm64, r-oldrel-macos-x86_64, r-oldrel-windows-ix86+x86_64