CRAN Package Check Results for Package deepregression

Last updated on 2022-08-13 12:55:12 CEST.

Flavor Version Tinstall Tcheck Ttotal Status Flags
r-devel-linux-x86_64-debian-clang 0.1 15.88 119.74 135.62 OK
r-devel-linux-x86_64-debian-gcc 0.1 11.63 88.73 100.36 OK
r-devel-linux-x86_64-fedora-clang 0.1 176.42 NOTE
r-devel-linux-x86_64-fedora-gcc 0.1 179.29 NOTE
r-devel-windows-x86_64 0.1 215.00 137.00 352.00 OK
r-patched-linux-x86_64 0.1 16.36 113.35 129.71 OK
r-release-linux-x86_64 0.1 12.05 110.94 122.99 OK
r-release-macos-arm64 0.1 51.00 NOTE
r-release-macos-x86_64 0.1 104.00 NOTE
r-release-windows-x86_64 0.1 140.00 140.00 280.00 OK
r-oldrel-macos-arm64 0.1 45.00 NOTE
r-oldrel-macos-x86_64 0.1 62.00 NOTE
r-oldrel-windows-ix86+x86_64 0.1 30.00 134.00 164.00 OK

Check Details

Version: 0.1
Check: dependencies in R code
Result: NOTE
    Namespaces in Imports field not imported from:
     ‘Metrics’ ‘purrr’ ‘utils’
     All declared Imports should be used.
Flavors: r-devel-linux-x86_64-fedora-clang, r-devel-linux-x86_64-fedora-gcc, r-release-macos-arm64, r-release-macos-x86_64, r-oldrel-macos-arm64, r-oldrel-macos-x86_64