CRAN Package Check Results for Package decisionSupport

Last updated on 2024-06-13 00:55:11 CEST.

Flavor Version Tinstall Tcheck Ttotal Status Flags
r-devel-linux-x86_64-debian-clang 1.114 21.68 263.95 285.63 OK
r-devel-linux-x86_64-debian-gcc 1.114 0.98 1.97 2.95 ERROR
r-devel-linux-x86_64-fedora-clang 1.114 386.48 OK
r-devel-linux-x86_64-fedora-gcc 1.114 371.26 OK
r-devel-windows-x86_64 1.114 20.00 202.00 222.00 OK
r-patched-linux-x86_64 1.114 24.81 249.59 274.40 OK
r-release-linux-x86_64 1.114 18.92 255.58 274.50 OK
r-release-macos-arm64 1.114 69.00 OK
r-release-macos-x86_64 1.114 139.00 OK
r-release-windows-x86_64 1.114 21.00 202.00 223.00 OK
r-oldrel-macos-arm64 1.114 77.00 OK
r-oldrel-macos-x86_64 1.114 133.00 OK
r-oldrel-windows-x86_64 1.114 28.00 247.00 275.00 OK

Check Details

Version: 1.114
Check: package dependencies
Result: ERROR Packages required but not available: 'chillR', 'dplyr', 'ggplot2', 'patchwork', 'rriskDistributions', 'stringr', 'tidyr', 'tidyselect' Packages suggested but not available for checking: 'mc2d', 'testthat' See section ‘The DESCRIPTION file’ in the ‘Writing R Extensions’ manual. Flavor: r-devel-linux-x86_64-debian-gcc