Last updated on 2022-08-19 06:52:20 CEST.
Flavor | Version | Tinstall | Tcheck | Ttotal | Status | Flags |
---|---|---|---|---|---|---|
r-devel-linux-x86_64-debian-clang | 0.1.1 | 2.57 | 55.75 | 58.32 | OK | |
r-devel-linux-x86_64-debian-gcc | 0.1.1 | 2.69 | 42.24 | 44.93 | OK | |
r-devel-linux-x86_64-fedora-clang | 0.1.1 | 81.19 | NOTE | |||
r-devel-linux-x86_64-fedora-gcc | 0.1.1 | 82.02 | NOTE | |||
r-devel-windows-x86_64 | 0.1.1 | 13.00 | 94.00 | 107.00 | OK | |
r-patched-linux-x86_64 | 0.1.1 | 3.21 | 53.29 | 56.50 | OK | |
r-release-linux-x86_64 | 0.1.1 | OK | ||||
r-release-macos-arm64 | 0.1.1 | 27.00 | NOTE | |||
r-release-macos-x86_64 | 0.1.1 | 35.00 | NOTE | |||
r-release-windows-x86_64 | 0.1.1 | 14.00 | 92.00 | 106.00 | OK | |
r-oldrel-macos-arm64 | 0.1.1 | 26.00 | NOTE | |||
r-oldrel-macos-x86_64 | 0.1.1 | 49.00 | NOTE | |||
r-oldrel-windows-ix86+x86_64 | 0.1.1 | 9.00 | 84.00 | 93.00 | OK |
Version: 0.1.1
Check: dependencies in R code
Result: NOTE
Namespaces in Imports field not imported from:
‘MASS’ ‘qpdf’
All declared Imports should be used.
Flavors: r-devel-linux-x86_64-fedora-clang, r-devel-linux-x86_64-fedora-gcc, r-release-macos-arm64, r-release-macos-x86_64, r-oldrel-macos-arm64, r-oldrel-macos-x86_64