CRAN Package Check Results for Package dccmidas

Last updated on 2022-06-25 12:54:21 CEST.

Flavor Version Tinstall Tcheck Ttotal Status Flags
r-devel-linux-x86_64-debian-clang 0.1.0 50.73 118.96 169.69 OK
r-devel-linux-x86_64-debian-gcc 0.1.0 42.46 88.61 131.07 OK
r-devel-linux-x86_64-fedora-clang 0.1.0 232.96 NOTE
r-devel-linux-x86_64-fedora-gcc 0.1.0 220.86 NOTE
r-devel-windows-x86_64 0.1.0 61.00 158.00 219.00 OK
r-patched-linux-x86_64 0.1.0 45.24 111.37 156.61 OK
r-release-linux-x86_64 0.1.0 44.43 113.29 157.72 OK
r-release-macos-arm64 0.1.0 57.00 NOTE
r-release-macos-x86_64 0.1.0 105.00 NOTE
r-release-windows-x86_64 0.1.0 65.00 161.00 226.00 OK
r-oldrel-macos-arm64 0.1.0 65.00 NOTE
r-oldrel-macos-x86_64 0.1.0 120.00 NOTE
r-oldrel-windows-ix86+x86_64 0.1.0 128.00 184.00 312.00 OK

Check Details

Version: 0.1.0
Check: dependencies in R code
Result: NOTE
    Namespaces in Imports field not imported from:
     ‘Rcpp’ ‘lubridate’ ‘tseries’
     All declared Imports should be used.
Flavors: r-devel-linux-x86_64-fedora-clang, r-devel-linux-x86_64-fedora-gcc, r-release-macos-arm64, r-release-macos-x86_64, r-oldrel-macos-arm64, r-oldrel-macos-x86_64