Last updated on 2022-08-19 06:52:20 CEST.
Flavor | Version | Tinstall | Tcheck | Ttotal | Status | Flags |
---|---|---|---|---|---|---|
r-devel-linux-x86_64-debian-clang | 1.0.6 | 29.97 | 199.38 | 229.35 | OK | |
r-devel-linux-x86_64-debian-gcc | 1.0.6 | 23.34 | 147.47 | 170.81 | OK | |
r-devel-linux-x86_64-fedora-clang | 1.0.6 | 275.50 | NOTE | |||
r-devel-linux-x86_64-fedora-gcc | 1.0.6 | 280.68 | OK | |||
r-devel-windows-x86_64 | 1.0.6 | 62.00 | 248.00 | 310.00 | NOTE | |
r-patched-linux-x86_64 | 1.0.6 | 22.62 | 181.64 | 204.26 | OK | |
r-release-linux-x86_64 | 1.0.6 | OK | ||||
r-release-macos-arm64 | 1.0.6 | 55.00 | NOTE | |||
r-release-macos-x86_64 | 1.0.6 | 102.00 | NOTE | |||
r-release-windows-x86_64 | 1.0.6 | 144.00 | 236.00 | 380.00 | NOTE | |
r-oldrel-macos-arm64 | 1.0.6 | 9.00 | ERROR | |||
r-oldrel-macos-x86_64 | 1.0.6 | 110.00 | NOTE | |||
r-oldrel-windows-ix86+x86_64 | 1.0.6 | 50.00 | 220.00 | 270.00 | NOTE |
Version: 1.0.6
Check: installed package size
Result: NOTE
installed size is 5.4Mb
sub-directories of 1Mb or more:
data 4.1Mb
Flavors: r-devel-linux-x86_64-fedora-clang, r-devel-windows-x86_64, r-release-macos-arm64, r-release-macos-x86_64, r-release-windows-x86_64, r-oldrel-macos-x86_64, r-oldrel-windows-ix86+x86_64
Version: 1.0.6
Check: package dependencies
Result: NOTE
Package suggested but not available for checking: 'doMC'
Flavors: r-devel-windows-x86_64, r-release-windows-x86_64, r-oldrel-windows-ix86+x86_64
Version: 1.0.6
Check: package dependencies
Result: ERROR
Package required but not available: ‘dnet’
See section ‘The DESCRIPTION file’ in the ‘Writing R Extensions’
manual.
Flavor: r-oldrel-macos-arm64