CRAN Package Check Results for Package dbx

Last updated on 2022-10-06 12:55:22 CEST.

Flavor Version Tinstall Tcheck Ttotal Status Flags
r-devel-linux-x86_64-debian-clang 0.2.8 3.06 31.64 34.70 NOTE
r-devel-linux-x86_64-debian-gcc 0.2.8 2.32 24.73 27.05 NOTE
r-devel-linux-x86_64-fedora-clang 0.2.8 56.14 NOTE
r-devel-linux-x86_64-fedora-gcc 0.2.8 50.31 NOTE
r-devel-windows-x86_64 0.2.8 13.00 60.00 73.00 NOTE
r-patched-linux-x86_64 0.2.8 2.33 30.46 32.79 NOTE
r-release-linux-x86_64 0.2.8 2.61 30.94 33.55 NOTE
r-release-macos-arm64 0.2.8 20.00 NOTE
r-release-macos-x86_64 0.2.8 29.00 NOTE
r-release-windows-x86_64 0.2.8 18.00 55.00 73.00 NOTE
r-oldrel-macos-arm64 0.2.8 23.00 NOTE
r-oldrel-macos-x86_64 0.2.8 33.00 NOTE
r-oldrel-windows-ix86+x86_64 0.2.8 7.00 54.00 61.00 NOTE

Check Details

Version: 0.2.8
Check: LazyData
Result: NOTE
     'LazyData' is specified without a 'data' directory
Flavors: r-devel-linux-x86_64-debian-clang, r-devel-linux-x86_64-debian-gcc, r-devel-linux-x86_64-fedora-clang, r-devel-linux-x86_64-fedora-gcc, r-devel-windows-x86_64, r-patched-linux-x86_64, r-release-linux-x86_64, r-release-macos-arm64, r-release-macos-x86_64, r-release-windows-x86_64, r-oldrel-macos-arm64, r-oldrel-macos-x86_64, r-oldrel-windows-ix86+x86_64