CRAN Package Check Results for Package dbx

Last updated on 2020-06-01 13:49:32 CEST.

Flavor Version Tinstall Tcheck Ttotal Status Flags
r-devel-linux-x86_64-debian-clang 0.2.5 2.28 26.58 28.86 OK
r-devel-linux-x86_64-debian-gcc 0.2.5 1.87 21.02 22.89 OK
r-devel-linux-x86_64-fedora-clang 0.2.5 44.55 OK
r-devel-linux-x86_64-fedora-gcc 0.2.5 34.70 OK
r-devel-windows-ix86+x86_64 0.2.5 7.00 43.00 50.00 OK
r-patched-linux-x86_64 0.2.5 2.38 26.96 29.34 OK
r-patched-solaris-x86 0.2.5 51.50 NOTE
r-release-linux-x86_64 0.2.5 2.42 26.54 28.96 OK
r-release-osx-x86_64 0.2.5 OK
r-release-windows-ix86+x86_64 0.2.5 6.00 62.00 68.00 OK
r-oldrel-osx-x86_64 0.2.5 OK
r-oldrel-windows-ix86+x86_64 0.2.5 7.00 41.00 48.00 OK

Check Details

Version: 0.2.5
Check: package dependencies
Result: NOTE
    Package suggested but not available for checking: ‘RPostgres’
Flavor: r-patched-solaris-x86