CRAN Package Check Results for Package dbnlearn

Last updated on 2020-10-29 13:48:42 CET.

Flavor Version Tinstall Tcheck Ttotal Status Flags
r-devel-linux-x86_64-debian-clang 0.1.0 2.60 34.45 37.05 OK
r-devel-linux-x86_64-debian-gcc 0.1.0 1.86 25.87 27.73 OK
r-devel-linux-x86_64-fedora-clang 0.1.0 52.71 NOTE
r-devel-linux-x86_64-fedora-gcc 0.1.0 42.81 NOTE
r-devel-windows-ix86+x86_64 0.1.0 7.00 54.00 61.00 OK
r-patched-linux-x86_64 0.1.0 2.33 32.41 34.74 OK
r-patched-solaris-x86 0.1.0 69.40 NOTE
r-release-linux-x86_64 0.1.0 2.36 32.75 35.11 OK
r-release-macos-x86_64 0.1.0 NOTE
r-release-windows-ix86+x86_64 0.1.0 5.00 53.00 58.00 OK
r-oldrel-macos-x86_64 0.1.0 NOTE
r-oldrel-windows-ix86+x86_64 0.1.0 4.00 56.00 60.00 OK

Check Details

Version: 0.1.0
Check: dependencies in R code
Result: NOTE
    Namespace in Imports field not imported from: ‘ggplot2’
     All declared Imports should be used.
Flavors: r-devel-linux-x86_64-fedora-clang, r-devel-linux-x86_64-fedora-gcc, r-patched-solaris-x86, r-release-macos-x86_64, r-oldrel-macos-x86_64