Last updated on 2023-02-08 12:57:04 CET.
Flavor | Version | Tinstall | Tcheck | Ttotal | Status | Flags |
---|---|---|---|---|---|---|
r-devel-linux-x86_64-debian-clang | 0.2-8 | 5.32 | 53.31 | 58.63 | NOTE | |
r-devel-linux-x86_64-debian-gcc | 0.2-8 | 4.44 | 40.37 | 44.81 | NOTE | |
r-devel-linux-x86_64-fedora-clang | 0.2-8 | 72.25 | NOTE | |||
r-devel-linux-x86_64-fedora-gcc | 0.2-8 | 81.83 | NOTE | |||
r-devel-windows-x86_64 | 0.2-8 | 15.00 | 84.00 | 99.00 | NOTE | |
r-patched-linux-x86_64 | 0.2-8 | 5.00 | 52.12 | 57.12 | NOTE | |
r-release-linux-x86_64 | 0.2-8 | 5.81 | 51.30 | 57.11 | NOTE | |
r-release-macos-arm64 | 0.2-8 | 23.00 | NOTE | |||
r-release-macos-x86_64 | 0.2-8 | 32.00 | NOTE | |||
r-release-windows-x86_64 | 0.2-8 | 17.00 | 88.00 | 105.00 | NOTE | |
r-oldrel-macos-arm64 | 0.2-8 | 32.00 | NOTE | |||
r-oldrel-macos-x86_64 | 0.2-8 | 35.00 | NOTE | |||
r-oldrel-windows-ix86+x86_64 | 0.2-8 | 12.00 | 76.00 | 88.00 | NOTE |
Version: 0.2-8
Check: LazyData
Result: NOTE
'LazyData' is specified without a 'data' directory
Flavors: r-devel-linux-x86_64-debian-clang, r-devel-linux-x86_64-debian-gcc, r-devel-linux-x86_64-fedora-clang, r-devel-linux-x86_64-fedora-gcc, r-devel-windows-x86_64, r-patched-linux-x86_64, r-release-linux-x86_64, r-release-macos-arm64, r-release-macos-x86_64, r-release-windows-x86_64, r-oldrel-macos-arm64, r-oldrel-macos-x86_64, r-oldrel-windows-ix86+x86_64