CRAN Package Check Results for Package dbEmpLikeNorm

Last updated on 2020-05-25 01:48:50 CEST.

Flavor Version Tinstall Tcheck Ttotal Status Flags
r-devel-linux-x86_64-debian-clang 1.0.0 3.77 41.09 44.86 NOTE
r-devel-linux-x86_64-debian-gcc 1.0.0 2.74 30.06 32.80 NOTE
r-devel-linux-x86_64-fedora-clang 1.0.0 53.44 NOTE
r-devel-linux-x86_64-fedora-gcc 1.0.0 52.53 NOTE
r-devel-windows-ix86+x86_64 1.0.0 9.00 72.00 81.00 NOTE
r-patched-linux-x86_64 1.0.0 3.86 40.81 44.67 NOTE
r-patched-solaris-x86 1.0.0 70.70 NOTE
r-release-linux-x86_64 1.0.0 3.31 40.71 44.02 NOTE
r-release-osx-x86_64 1.0.0 NOTE
r-release-windows-ix86+x86_64 1.0.0 5.00 49.00 54.00 NOTE
r-oldrel-osx-x86_64 1.0.0 NOTE
r-oldrel-windows-ix86+x86_64 1.0.0 5.00 70.00 75.00 NOTE

Check Details

Version: 1.0.0
Check: DESCRIPTION meta-information
Result: NOTE
    Malformed Description field: should contain one or more complete sentences.
Flavors: r-devel-linux-x86_64-debian-clang, r-devel-linux-x86_64-debian-gcc, r-devel-linux-x86_64-fedora-clang, r-devel-linux-x86_64-fedora-gcc, r-devel-windows-ix86+x86_64, r-patched-linux-x86_64, r-patched-solaris-x86, r-release-linux-x86_64, r-release-osx-x86_64, r-release-windows-ix86+x86_64, r-oldrel-osx-x86_64, r-oldrel-windows-ix86+x86_64

Version: 1.0.0
Check: R code for possible problems
Result: NOTE
    computePval: no visible global function definition for 'lm'
    computeQhat: no visible global function definition for 'pnorm'
    dbELnorm: no visible global function definition for 'rnorm'
    getCutoffTableThree: no visible global function definition for 'lm'
    getCutoffTableTwo: no visible global function definition for 'lm'
    getCutoffValue: no visible global function definition for 'lm'
    helperGetTstat: no visible global function definition for 'rnorm'
    returnCutoffValue: no visible global function definition for 'rnorm'
    returnCutoffValue: no visible global function definition for 'quantile'
    varianceEstimator: no visible global function definition for 'density'
    varianceEstimator: no visible global function definition for 'ecdf'
    Undefined global functions or variables:
     density ecdf lm pnorm quantile rnorm
    Consider adding
     importFrom("stats", "density", "ecdf", "lm", "pnorm", "quantile",
     "rnorm")
    to your NAMESPACE file.
Flavors: r-devel-linux-x86_64-debian-clang, r-devel-linux-x86_64-debian-gcc, r-devel-linux-x86_64-fedora-clang, r-devel-linux-x86_64-fedora-gcc, r-devel-windows-ix86+x86_64, r-patched-linux-x86_64, r-patched-solaris-x86, r-release-linux-x86_64, r-release-osx-x86_64, r-release-windows-ix86+x86_64, r-oldrel-osx-x86_64, r-oldrel-windows-ix86+x86_64