CRAN Package Check Results for Package datrProfile

Last updated on 2022-10-02 12:55:50 CEST.

Flavor Version Tinstall Tcheck Ttotal Status Flags
r-devel-linux-x86_64-debian-clang 0.1.0 2.84 29.92 32.76 NOTE
r-devel-linux-x86_64-debian-gcc 0.1.0 1.98 22.66 24.64 NOTE
r-devel-linux-x86_64-fedora-clang 0.1.0 51.53 NOTE
r-devel-linux-x86_64-fedora-gcc 0.1.0 49.27 NOTE
r-devel-windows-x86_64 0.1.0 22.00 57.00 79.00 NOTE
r-patched-linux-x86_64 0.1.0 2.15 28.12 30.27 NOTE
r-release-linux-x86_64 0.1.0 2.29 27.59 29.88 NOTE
r-release-macos-arm64 0.1.0 16.00 NOTE
r-release-macos-x86_64 0.1.0 28.00 NOTE
r-release-windows-x86_64 0.1.0 25.00 54.00 79.00 NOTE
r-oldrel-macos-arm64 0.1.0 21.00 NOTE
r-oldrel-macos-x86_64 0.1.0 27.00 NOTE
r-oldrel-windows-ix86+x86_64 0.1.0 6.00 49.00 55.00 NOTE

Check Details

Version: 0.1.0
Check: LazyData
Result: NOTE
     'LazyData' is specified without a 'data' directory
Flavors: r-devel-linux-x86_64-debian-clang, r-devel-linux-x86_64-debian-gcc, r-devel-linux-x86_64-fedora-clang, r-devel-linux-x86_64-fedora-gcc, r-devel-windows-x86_64, r-patched-linux-x86_64, r-release-linux-x86_64, r-release-macos-arm64, r-release-macos-x86_64, r-release-windows-x86_64, r-oldrel-macos-arm64, r-oldrel-macos-x86_64, r-oldrel-windows-ix86+x86_64