CRAN Package Check Results for Package datr

Last updated on 2024-05-29 00:54:22 CEST.

Flavor Version Tinstall Tcheck Ttotal Status Flags
r-devel-linux-x86_64-debian-clang 0.1.0 2.47 25.12 27.59 NOTE
r-devel-linux-x86_64-debian-gcc 0.1.0 1.94 19.84 21.78 NOTE
r-devel-linux-x86_64-fedora-clang 0.1.0 35.49 NOTE
r-devel-linux-x86_64-fedora-gcc 0.1.0 33.75 NOTE
r-devel-windows-x86_64 0.1.0 4.00 43.00 47.00 NOTE
r-patched-linux-x86_64 0.1.0 1.47 24.10 25.57 NOTE
r-release-linux-x86_64 0.1.0 1.53 24.74 26.27 NOTE
r-release-macos-arm64 0.1.0 17.00 NOTE
r-release-windows-x86_64 0.1.0 4.00 45.00 49.00 NOTE
r-oldrel-macos-arm64 0.1.0 17.00 NOTE
r-oldrel-macos-x86_64 0.1.0 22.00 NOTE
r-oldrel-windows-x86_64 0.1.0 4.00 46.00 50.00 NOTE

Check Details

Version: 0.1.0
Check: LazyData
Result: NOTE 'LazyData' is specified without a 'data' directory Flavors: r-devel-linux-x86_64-debian-clang, r-devel-linux-x86_64-debian-gcc, r-devel-linux-x86_64-fedora-clang, r-devel-linux-x86_64-fedora-gcc, r-devel-windows-x86_64, r-patched-linux-x86_64, r-release-linux-x86_64, r-release-macos-arm64, r-release-windows-x86_64, r-oldrel-macos-arm64, r-oldrel-macos-x86_64, r-oldrel-windows-x86_64