CRAN Package Check Results for Package datadigest

Last updated on 2020-05-27 07:50:54 CEST.

Flavor Version Tinstall Tcheck Ttotal Status Flags
r-devel-linux-x86_64-debian-clang 1.0.2 10.73 88.82 99.55 NOTE
r-devel-linux-x86_64-debian-gcc 1.0.2 8.89 67.91 76.80 NOTE
r-devel-linux-x86_64-fedora-clang 1.0.2 130.96 NOTE
r-devel-linux-x86_64-fedora-gcc 1.0.2 116.23 NOTE
r-devel-windows-ix86+x86_64 1.0.2 40.00 137.00 177.00 NOTE
r-patched-linux-x86_64 1.0.2 10.61 86.31 96.92 NOTE
r-patched-solaris-x86 1.0.2 181.10 NOTE
r-release-linux-x86_64 1.0.2 9.63 85.90 95.53 NOTE
r-release-osx-x86_64 1.0.2 NOTE
r-release-windows-ix86+x86_64 1.0.2 35.00 147.00 182.00 NOTE
r-oldrel-osx-x86_64 1.0.2 NOTE
r-oldrel-windows-ix86+x86_64 1.0.2 24.00 96.00 120.00 OK

Check Details

Version: 1.0.2
Check: package vignettes
Result: NOTE
    Package vignette with placeholder title 'Vignette Title':
     'datadigest.Rmd'
Flavors: r-devel-linux-x86_64-debian-clang, r-devel-linux-x86_64-debian-gcc, r-devel-windows-ix86+x86_64, r-patched-linux-x86_64, r-release-linux-x86_64, r-release-windows-ix86+x86_64

Version: 1.0.2
Check: dependencies in R code
Result: NOTE
    Namespace in Imports field not imported from: ‘miniUI’
     All declared Imports should be used.
Flavors: r-devel-linux-x86_64-fedora-clang, r-devel-linux-x86_64-fedora-gcc, r-patched-solaris-x86, r-release-osx-x86_64, r-oldrel-osx-x86_64