Last updated on 2021-01-21 07:52:50 CET.
Flavor | Version | Tinstall | Tcheck | Ttotal | Status | Flags |
---|---|---|---|---|---|---|
r-devel-linux-x86_64-debian-clang | 0.1.0 | 2.56 | 22.29 | 24.85 | NOTE | |
r-devel-linux-x86_64-debian-gcc | 0.1.0 | 1.56 | 17.96 | 19.52 | NOTE | |
r-devel-linux-x86_64-fedora-clang | 0.1.0 | 39.76 | NOTE | |||
r-devel-linux-x86_64-fedora-gcc | 0.1.0 | 29.09 | NOTE | |||
r-devel-windows-ix86+x86_64 | 0.1.0 | 3.00 | 30.00 | 33.00 | NOTE | |
r-patched-linux-x86_64 | 0.1.0 | 2.54 | 21.77 | 24.31 | NOTE | |
r-patched-solaris-x86 | 0.1.0 | 43.30 | NOTE | |||
r-release-linux-x86_64 | 0.1.0 | 2.32 | 21.97 | 24.29 | NOTE | |
r-release-macos-x86_64 | 0.1.0 | NOTE | ||||
r-release-windows-ix86+x86_64 | 0.1.0 | 4.00 | 30.00 | 34.00 | NOTE | |
r-oldrel-macos-x86_64 | 0.1.0 | NOTE | ||||
r-oldrel-windows-ix86+x86_64 | 0.1.0 | 4.00 | 51.00 | 55.00 | NOTE |
Version: 0.1.0
Check: R code for possible problems
Result: NOTE
dashboard_open: no visible global function definition for 'write.csv'
dashboard_open: no visible global function definition for
'capture.output'
dctable: no visible global function definition for 'capture.output'
Undefined global functions or variables:
capture.output write.csv
Consider adding
importFrom("utils", "capture.output", "write.csv")
to your NAMESPACE file.
Flavors: r-devel-linux-x86_64-debian-clang, r-devel-linux-x86_64-debian-gcc, r-devel-linux-x86_64-fedora-clang, r-devel-linux-x86_64-fedora-gcc, r-devel-windows-ix86+x86_64, r-patched-linux-x86_64, r-patched-solaris-x86, r-release-linux-x86_64, r-release-macos-x86_64, r-release-windows-ix86+x86_64, r-oldrel-macos-x86_64, r-oldrel-windows-ix86+x86_64