Last updated on 2022-08-12 00:49:45 CEST.
Flavor | Version | Tinstall | Tcheck | Ttotal | Status | Flags |
---|---|---|---|---|---|---|
r-devel-linux-x86_64-debian-clang | 2.0.4 | 81.78 | 764.02 | 845.80 | OK | |
r-devel-linux-x86_64-debian-gcc | 2.0.4 | 67.40 | 539.71 | 607.11 | OK | |
r-devel-linux-x86_64-fedora-clang | 2.0.4 | 1027.00 | OK | |||
r-devel-linux-x86_64-fedora-gcc | 2.0.4 | 978.65 | OK | |||
r-devel-windows-x86_64 | 2.0.4 | 149.00 | 799.00 | 948.00 | OK | |
r-patched-linux-x86_64 | 2.0.4 | 70.63 | 704.08 | 774.71 | OK | |
r-release-linux-x86_64 | 2.0.4 | 55.47 | 709.24 | 764.71 | OK | |
r-release-macos-arm64 | 2.0.4 | 245.00 | NOTE | |||
r-release-macos-x86_64 | 2.0.4 | 293.00 | OK | |||
r-release-windows-x86_64 | 2.0.4 | 125.00 | 797.00 | 922.00 | OK | |
r-oldrel-macos-arm64 | 2.0.4 | 248.00 | NOTE | |||
r-oldrel-macos-x86_64 | 2.0.4 | 273.00 | OK | |||
r-oldrel-windows-ix86+x86_64 | 2.0.4 | 159.00 | 854.00 | 1013.00 | OK |
Version: 2.0.4
Check: installed package size
Result: NOTE
installed size is 5.1Mb
sub-directories of 1Mb or more:
R 2.1Mb
data 1.5Mb
Flavors: r-release-macos-arm64, r-oldrel-macos-arm64