CRAN Package Check Results for Package dadjokeapi

Last updated on 2022-09-28 12:55:15 CEST.

Flavor Version Tinstall Tcheck Ttotal Status Flags
r-devel-linux-x86_64-debian-clang 1.0.2 4.18 49.04 53.22 NOTE
r-devel-linux-x86_64-debian-gcc 1.0.2 3.94 37.21 41.15 NOTE
r-devel-linux-x86_64-fedora-clang 1.0.2 79.52 NOTE
r-devel-linux-x86_64-fedora-gcc 1.0.2 75.33 NOTE
r-devel-windows-x86_64 1.0.2 10.00 73.00 83.00 NOTE
r-patched-linux-x86_64 1.0.2 4.32 45.76 50.08 NOTE
r-release-linux-x86_64 1.0.2 4.29 46.09 50.38 NOTE
r-release-macos-arm64 1.0.2 24.00 NOTE
r-release-macos-x86_64 1.0.2 40.00 NOTE
r-release-windows-x86_64 1.0.2 10.00 73.00 83.00 NOTE
r-oldrel-macos-arm64 1.0.2 31.00 NOTE
r-oldrel-macos-x86_64 1.0.2 40.00 NOTE
r-oldrel-windows-ix86+x86_64 1.0.2 13.00 71.00 84.00 NOTE

Check Details

Version: 1.0.2
Check: LazyData
Result: NOTE
     'LazyData' is specified without a 'data' directory
Flavors: r-devel-linux-x86_64-debian-clang, r-devel-linux-x86_64-debian-gcc, r-devel-linux-x86_64-fedora-clang, r-devel-linux-x86_64-fedora-gcc, r-devel-windows-x86_64, r-patched-linux-x86_64, r-release-linux-x86_64, r-release-macos-arm64, r-release-macos-x86_64, r-release-windows-x86_64, r-oldrel-macos-arm64, r-oldrel-macos-x86_64, r-oldrel-windows-ix86+x86_64