CRAN Package Check Results for Package dad

Last updated on 2020-10-28 19:47:44 CET.

Flavor Version Tinstall Tcheck Ttotal Status Flags
r-devel-linux-x86_64-debian-clang 3.4.3 21.09 202.10 223.19 OK
r-devel-linux-x86_64-debian-gcc 3.4.3 14.95 145.27 160.22 OK
r-devel-linux-x86_64-fedora-clang 3.4.3 267.86 NOTE
r-devel-linux-x86_64-fedora-gcc 3.4.3 254.71 WARN
r-devel-windows-ix86+x86_64 3.4.3 41.00 246.00 287.00 OK
r-patched-linux-x86_64 3.4.3 OK
r-patched-solaris-x86 3.4.3 315.30 NOTE
r-release-linux-x86_64 3.4.3 21.24 181.69 202.93 OK
r-release-macos-x86_64 3.4.3 NOTE
r-release-windows-ix86+x86_64 3.4.3 30.00 186.00 216.00 OK
r-oldrel-macos-x86_64 3.4.3 NOTE
r-oldrel-windows-ix86+x86_64 3.4.3 36.00 247.00 283.00 OK

Check Details

Version: 3.4.3
Check: data for non-ASCII characters
Result: NOTE
     Note: found 4 marked Latin-1 strings
     Note: found 21 marked UTF-8 strings
Flavors: r-devel-linux-x86_64-fedora-clang, r-devel-linux-x86_64-fedora-gcc, r-patched-solaris-x86, r-release-macos-x86_64, r-oldrel-macos-x86_64

Version: 3.4.3
Check: re-building of vignette outputs
Result: WARN
    Error(s) in re-building vignettes:
    --- re-building ‘dad-intro.Rmd’ using rmarkdown
    File table1.png not found in resource path
    Error: processing vignette 'dad-intro.Rmd' failed with diagnostics:
    pandoc document conversion failed with error 99
    --- failed re-building ‘dad-intro.Rmd’
    
    --- re-building ‘mds-discrete-distributions.Rmd’ using rmarkdown
    --- finished re-building ‘mds-discrete-distributions.Rmd’
    
    SUMMARY: processing the following file failed:
     ‘dad-intro.Rmd’
    
    Error: Vignette re-building failed.
    Execution halted
Flavor: r-devel-linux-x86_64-fedora-gcc