CRAN Package Check Results for Package daarem

Last updated on 2024-05-27 12:51:25 CEST.

Flavor Version Tinstall Tcheck Ttotal Status Flags
r-devel-linux-x86_64-debian-clang 0.7 2.67 24.83 27.50 NOTE
r-devel-linux-x86_64-debian-gcc 0.7 1.51 18.83 20.34 NOTE
r-devel-linux-x86_64-fedora-clang 0.7 35.49 NOTE
r-devel-linux-x86_64-fedora-gcc 0.7 32.11 NOTE
r-devel-windows-x86_64 0.7 3.00 40.00 43.00 NOTE
r-patched-linux-x86_64 0.7 2.89 23.97 26.86 NOTE
r-release-linux-x86_64 0.7 2.35 24.37 26.72 NOTE
r-release-macos-arm64 0.7 14.00 NOTE
r-release-windows-x86_64 0.7 3.00 40.00 43.00 NOTE
r-oldrel-macos-arm64 0.7 17.00 OK
r-oldrel-macos-x86_64 0.7 22.00 OK
r-oldrel-windows-x86_64 0.7 4.00 39.00 43.00 OK

Check Details

Version: 0.7
Check: Rd files
Result: NOTE checkRd: (-1) fpiter.Rd:55-58: Lost braces 55 | \code{tol}{ A small, positive scalar that determines when iterations | ^ checkRd: (-1) fpiter.Rd:60-61: Lost braces 60 | \code{maxiter}{ An integer denoting the maximum limit on the number of | ^ checkRd: (-1) fpiter.Rd:63-65: Lost braces 63 | \code{trace}{ A logical variable denoting whether some of the intermediate | ^ Flavors: r-devel-linux-x86_64-debian-clang, r-devel-linux-x86_64-debian-gcc, r-devel-linux-x86_64-fedora-clang, r-devel-linux-x86_64-fedora-gcc, r-devel-windows-x86_64, r-patched-linux-x86_64, r-release-linux-x86_64, r-release-macos-arm64, r-release-windows-x86_64