CRAN Package Check Results for Package dGAselID

Last updated on 2020-05-25 01:48:50 CEST.

Flavor Version Tinstall Tcheck Ttotal Status Flags
r-devel-linux-x86_64-debian-clang 1.2 21.02 168.47 189.49 OK
r-devel-linux-x86_64-debian-gcc 1.2 17.60 129.21 146.81 OK
r-devel-linux-x86_64-fedora-clang 1.2 232.75 OK
r-devel-linux-x86_64-fedora-gcc 1.2 223.71 OK
r-devel-windows-ix86+x86_64 1.2 52.00 211.00 263.00 OK
r-patched-linux-x86_64 1.2 22.67 167.52 190.19 OK
r-patched-solaris-x86 1.2 337.10 OK
r-release-linux-x86_64 1.2 19.94 167.19 187.13 OK
r-release-osx-x86_64 1.2 ERROR
r-release-windows-ix86+x86_64 1.2 43.00 155.00 198.00 OK
r-oldrel-osx-x86_64 1.2 ERROR
r-oldrel-windows-ix86+x86_64 1.2 51.00 207.00 258.00 OK

Check Details

Version: 1.2
Check: package dependencies
Result: ERROR
    Package required but not available: ‘ALL’
    
    See section ‘The DESCRIPTION file’ in the ‘Writing R Extensions’
    manual.
Flavors: r-release-osx-x86_64, r-oldrel-osx-x86_64