CRAN Package Check Results for Package d3plus

Last updated on 2024-06-19 00:49:26 CEST.

Flavor Version Tinstall Tcheck Ttotal Status Flags
r-devel-linux-x86_64-debian-clang 0.1.0 3.95 27.80 31.75 NOTE
r-devel-linux-x86_64-debian-gcc 0.1.0 2.62 22.22 24.84 NOTE
r-devel-linux-x86_64-fedora-clang 0.1.0 39.61 NOTE
r-devel-linux-x86_64-fedora-gcc 0.1.0 40.09 NOTE
r-devel-windows-x86_64 0.1.0 5.00 44.00 49.00 NOTE
r-patched-linux-x86_64 0.1.0 3.43 27.25 30.68 NOTE
r-release-linux-x86_64 0.1.0 3.90 27.37 31.27 NOTE
r-release-macos-arm64 0.1.0 18.00 NOTE
r-release-macos-x86_64 0.1.0 24.00 NOTE
r-release-windows-x86_64 0.1.0 5.00 45.00 50.00 NOTE
r-oldrel-macos-arm64 0.1.0 18.00 NOTE
r-oldrel-macos-x86_64 0.1.0 23.00 NOTE
r-oldrel-windows-x86_64 0.1.0 6.00 47.00 53.00 NOTE

Check Details

Version: 0.1.0
Check: LazyData
Result: NOTE 'LazyData' is specified without a 'data' directory Flavors: r-devel-linux-x86_64-debian-clang, r-devel-linux-x86_64-debian-gcc, r-devel-linux-x86_64-fedora-clang, r-devel-linux-x86_64-fedora-gcc, r-devel-windows-x86_64, r-patched-linux-x86_64, r-release-linux-x86_64, r-release-macos-arm64, r-release-macos-x86_64, r-release-windows-x86_64, r-oldrel-macos-arm64, r-oldrel-macos-x86_64, r-oldrel-windows-x86_64