CRAN Package Check Results for Package cytofan

Last updated on 2022-09-24 21:51:00 CEST.

Flavor Version Tinstall Tcheck Ttotal Status Flags
r-devel-linux-x86_64-debian-clang 0.1.0 5.04 80.48 85.52 NOTE
r-devel-linux-x86_64-debian-gcc 0.1.0 4.22 58.77 62.99 NOTE
r-devel-linux-x86_64-fedora-clang 0.1.0 110.50 NOTE
r-devel-linux-x86_64-fedora-gcc 0.1.0 112.28 NOTE
r-devel-windows-x86_64 0.1.0 11.00 101.00 112.00 NOTE
r-patched-linux-x86_64 0.1.0 8.95 75.57 84.52 NOTE
r-release-linux-x86_64 0.1.0 4.23 73.13 77.36 NOTE
r-release-macos-arm64 0.1.0 30.00 NOTE
r-release-macos-x86_64 0.1.0 58.00 NOTE
r-release-windows-x86_64 0.1.0 18.00 106.00 124.00 NOTE
r-oldrel-macos-arm64 0.1.0 46.00 NOTE
r-oldrel-macos-x86_64 0.1.0 63.00 NOTE
r-oldrel-windows-ix86+x86_64 0.1.0 14.00 99.00 113.00 NOTE

Check Details

Version: 0.1.0
Check: LazyData
Result: NOTE
     'LazyData' is specified without a 'data' directory
Flavors: r-devel-linux-x86_64-debian-clang, r-devel-linux-x86_64-debian-gcc, r-devel-linux-x86_64-fedora-clang, r-devel-linux-x86_64-fedora-gcc, r-devel-windows-x86_64, r-patched-linux-x86_64, r-release-linux-x86_64, r-release-macos-arm64, r-release-macos-x86_64, r-release-windows-x86_64, r-oldrel-macos-arm64, r-oldrel-macos-x86_64, r-oldrel-windows-ix86+x86_64