CRAN Package Check Results for Package cylcop

Last updated on 2022-08-17 00:51:59 CEST.

Flavor Version Tinstall Tcheck Ttotal Status Flags
r-devel-linux-x86_64-debian-clang 0.1.0 19.61 212.81 232.42 OK
r-devel-linux-x86_64-debian-gcc 0.1.0 17.81 154.97 172.78 OK
r-devel-linux-x86_64-fedora-clang 0.1.0 288.98 NOTE
r-devel-linux-x86_64-fedora-gcc 0.1.0 284.32 NOTE
r-devel-windows-x86_64 0.1.0 57.00 218.00 275.00 OK
r-patched-linux-x86_64 0.1.0 24.10 199.94 224.04 OK
r-release-linux-x86_64 0.1.0 19.07 199.17 218.24 OK
r-release-macos-arm64 0.1.0 76.00 NOTE
r-release-macos-x86_64 0.1.0 122.00 NOTE
r-release-windows-x86_64 0.1.0 38.00 232.00 270.00 OK
r-oldrel-macos-arm64 0.1.0 82.00 NOTE
r-oldrel-macos-x86_64 0.1.0 100.00 NOTE
r-oldrel-windows-ix86+x86_64 0.1.0 50.00 223.00 273.00 OK

Check Details

Version: 0.1.0
Check: dependencies in R code
Result: NOTE
    Namespace in Imports field not imported from: ‘mvtnorm’
     All declared Imports should be used.
Flavors: r-devel-linux-x86_64-fedora-clang, r-devel-linux-x86_64-fedora-gcc, r-release-macos-arm64, r-release-macos-x86_64, r-oldrel-macos-arm64, r-oldrel-macos-x86_64