CRAN Package Check Results for Package cwm

Last updated on 2020-05-29 07:53:54 CEST.

Flavor Version Tinstall Tcheck Ttotal Status Flags
r-devel-linux-x86_64-debian-clang 0.0.3 3.30 51.86 55.16 NOTE
r-devel-linux-x86_64-debian-gcc 0.0.3 3.09 40.97 44.06 NOTE
r-devel-linux-x86_64-fedora-clang 0.0.3 68.71 NOTE
r-devel-linux-x86_64-fedora-gcc 0.0.3 66.83 NOTE
r-devel-windows-ix86+x86_64 0.0.3 11.00 79.00 90.00 NOTE
r-patched-linux-x86_64 0.0.3 3.73 51.41 55.14 NOTE
r-patched-solaris-x86 0.0.3 87.30 NOTE
r-release-linux-x86_64 0.0.3 3.50 51.34 54.84 NOTE
r-release-osx-x86_64 0.0.3 NOTE
r-release-windows-ix86+x86_64 0.0.3 8.00 97.00 105.00 NOTE
r-oldrel-osx-x86_64 0.0.3 NOTE
r-oldrel-windows-ix86+x86_64 0.0.3 8.00 73.00 81.00 NOTE

Check Details

Version: 0.0.3
Check: R code for possible problems
Result: NOTE
    .mixgauss_init: no visible global function definition for 'cov'
    .mixgauss_init: no visible global function definition for 'var'
    Undefined global functions or variables:
     cov var
    Consider adding
     importFrom("stats", "cov", "var")
    to your NAMESPACE file.
Flavors: r-devel-linux-x86_64-debian-clang, r-devel-linux-x86_64-debian-gcc, r-devel-linux-x86_64-fedora-clang, r-devel-linux-x86_64-fedora-gcc, r-devel-windows-ix86+x86_64, r-patched-linux-x86_64, r-patched-solaris-x86, r-release-linux-x86_64, r-release-osx-x86_64, r-release-windows-ix86+x86_64, r-oldrel-osx-x86_64, r-oldrel-windows-ix86+x86_64

Version: 0.0.3
Check: re-building of vignette outputs
Result: NOTE
    Error(s) in re-building vignettes:
    --- re-building ‘presentazioneCladagMinottiSpedicato.Rnw’ using Sweave
    Error: processing vignette 'presentazioneCladagMinottiSpedicato.Rnw' failed with diagnostics:
    Running 'texi2dvi' on 'presentazioneCladagMinottiSpedicato.tex' failed.
    LaTeX errors:
    ! Package pgf Error: Undefined shading "beamer@barshade".
    
    See the pgf package documentation for explanation.
    Type H <return> for immediate help.
     ...
    ! Package pgf Error: Undefined shading "beamer@barshade".
    
    See the pgf package documentation for explanation.
    Type H <return> for immediate help.
     ...
    ! Package pgf Error: Undefined shading "beamer@aboveframetitle".
    
    See the pgf package documentation for explanation.
    Type H <return> for immediate help.
     ...
    ! Package pgf Error: Undefined shading "beamer@belowframetitle".
    
    See the pgf package documentation for explanation.
    Type H <return> for immediate help.
     ...
    ! Package pgf Error: Undefined shading "beamer@barshade".
    
    See the pgf package documentation for explanation.
    Type H <return> for immediate help.
     ...
    ! Package pgf Error: Undefined shading "beamer@aboveframetitle".
    
    See the pgf package documentation for explanation.
    Type H <return> for immediate help.
     ...
    ! Package pgf Error: Undefined shading "beamer@belowframetitle".
    
    See the pgf package documentation for explanation.
    Type H <return> for immediate help.
     ...
    ! Package pgf Error: Undefined shading "beamer@barshade".
    
    See the pgf package documentation for explanation.
    Type H <return> for immediate help.
     ...
    ! Package pgf Error: Undefined shading "beamer@aboveframetitle".
    
    See the pgf package documentation for explanation.
    Type H <return> for immediate help.
     ...
    ! Package pgf Error: Undefined shading "beamer@belowframetitle".
    
    See the pgf package documentation for explanation.
    Type H <return> for immediate help.
     ...
    ! Package pgf Error: Undefined shading "beamer@barshade".
    
    See the pgf package documentation for explanation.
    Type H <return> for immediate help.
     ...
    ! Package pgf Error: Undefined shading "beamer@aboveframetitle".
    
    See the pgf package documentation for explanation.
    Type H <return> for immediate help.
     ...
    ! Package pgf Error: Undefined shading "beamer@belowframetitle".
    
    See the pgf package documentation for explanation.
    Type H <return> for immediate help.
     ...
    ! Package pgf Error: Undefined shading "beamer@barshade".
    
    See the pgf package documentation for explanation.
    Type H <return> for immediate help.
     ...
    ! Package pgf Error: Undefined shading "beamer@aboveframetitle".
    
    See the pgf package documentation for explanation.
    Type H <return> for immediate help.
     ...
    ! Package pgf Error: Undefined shading "beamer@belowframetitle".
    
    See the pgf package documentation for explanation.
    Type H <return> for immediate help.
     ...
    ! Package pgf Error: Undefined shading "beamer@barshade".
    
    See the pgf package documentation for explanation.
    Type H <return> for immediate help.
     ...
    ! Package pgf Error: Undefined shading "beamer@aboveframetitle".
    
    See the pgf package documentation for explanation.
    Type H <return> for immediate help.
     ...
    ! Package pgf Error: Undefined shading "beamer@belowframetitle".
    
    See the pgf package documentation for explanation.
    Type H <return> for immediate help.
     ...
    ! Package pgf Error: Undefined shading "beamer@barshade".
    
    See the pgf package documentation for explanation.
    Type H <return> for immediate help.
     ...
    ! Package pgf Error: Undefined shading "beamer@aboveframetitle".
    
    See the pgf package documentation for explanation.
    Type H <return> for immediate help.
     ...
    ! Package pgf Error: Undefined shading "beamer@belowframetitle".
    
    See the pgf package documentation for explanation.
    Type H <return> for immediate help.
     ...
    ! Package pgf Error: Undefined shading "beamer@barshade".
    
    See the pgf package documentation for explanation.
    Type H <return> for immediate help.
     ...
    ! Package pgf Error: Undefined shading "beamer@aboveframetitle".
    
    See the pgf package documentation for explanation.
    Type H <return> for immediate help.
     ...
    ! Package pgf Error: Undefined shading "beamer@belowframetitle".
    
    See the pgf package documentation for explanation.
    Type H <return> for immediate help.
     ...
    ! Package pgf Error: Undefined shading "beamer@barshade".
    
    See the pgf package documentation for explanation.
    Type H <return> for immediate help.
     ...
    ! Package pgf Error: Undefined shading "beamer@aboveframetitle".
    
    See the pgf package documentation for explanation.
    Type H <return> for immediate help.
     ...
    ! Package pgf Error: Undefined shading "beamer@belowframetitle".
    
    See the pgf package documentation for explanation.
    Type H <return> for immediate help.
     ...
    ! Package pgf Error: Undefined shading "beamer@barshade".
    
    See the pgf package documentation for explanation.
    Type H <return> for immediate help.
     ...
    ! Package pgf Error: Undefined shading "beamer@aboveframetitle".
    
    See the pgf package documentation for explanation.
    Type H <return> for immediate help.
     ...
    ! Package pgf Error: Undefined shading "beamer@belowframetitle".
    
    See the pgf package documentation for explanation.
    Type H <return> for immediate help.
     ...
    ! Package pgf Error: Undefined shading "beamer@barshade".
    
    See the pgf package documentation for explanation.
    Type H <return> for immediate help.
     ...
    ! Package pgf Error: Undefined shading "beamer@aboveframetitle".
    
    See the pgf package documentation for explanation.
    Type H <return> for immediate help.
     ...
    ! Package pgf Error: Undefined shading "beamer@belowframetitle".
    
    See the pgf package documentation for explanation.
    Type H <return> for immediate help.
     ...
    ! Package pgf Error: Undefined shading "beamer@barshade".
    
    See the pgf package documentation for explanation.
    Type H <return> for immediate help.
     ...
    ! Package pgf Error: Undefined shading "beamer@aboveframetitle".
    
    See the pgf package documentation for explanation.
    Type H <return> for immediate help.
     ...
    ! Package pgf Error: Undefined shading "beamer@belowframetitle".
    
    See the pgf package documentation for explanation.
    Type H <return> for immediate help.
     ...
    ! Package pgf Error: Undefined shading "beamer@barshade".
    
    See the pgf package documentation for explanation.
    Type H <return> for immediate help.
     ...
    ! Package pgf Error: Undefined shading "beamer@aboveframetitle".
    
    See the pgf package documentation for explanation.
    Type H <return> for immediate help.
     ...
    ! Package pgf Error: Undefined shading "beamer@belowframetitle".
    
    See the pgf package documentation for explanation.
    Type H <return> for immediate help.
     ...
    --- failed re-building ‘presentazioneCladagMinottiSpedicato.Rnw’
    
    --- re-building ‘the_cwm_package.Rnw’ using Sweave
    Loading required package: MASS
    --- finished re-building 'the_cwm_package.Rnw'
    
    SUMMARY: processing the following file failed:
     ‘presentazioneCladagMinottiSpedicato.Rnw’
    
    Error: Vignette re-building failed.
    Execution halted
Flavor: r-release-osx-x86_64