CRAN Package Check Results for Package cvTools

Last updated on 2024-02-25 21:49:30 CET.

Flavor Version Tinstall Tcheck Ttotal Status Flags
r-devel-linux-x86_64-debian-clang 0.3.2 3.97 131.95 135.92 NOTE
r-devel-linux-x86_64-debian-gcc 0.3.2 2.70 93.15 95.85 NOTE
r-devel-linux-x86_64-fedora-clang 0.3.2 163.24 NOTE
r-devel-linux-x86_64-fedora-gcc 0.3.2 149.42 NOTE
r-devel-windows-x86_64 0.3.2 6.00 106.00 112.00 NOTE
r-patched-linux-x86_64 0.3.2 4.49 119.32 123.81 NOTE
r-release-linux-x86_64 0.3.2 5.46 118.21 123.67 NOTE
r-release-macos-arm64 0.3.2 51.00 NOTE
r-release-macos-x86_64 0.3.2 83.00 NOTE
r-release-windows-x86_64 0.3.2 6.00 126.00 132.00 NOTE
r-oldrel-macos-arm64 0.3.2 50.00 NOTE
r-oldrel-windows-x86_64 0.3.2 8.00 130.00 138.00 NOTE

Check Details

Version: 0.3.2
Check: DESCRIPTION meta-information
Result: NOTE Packages listed in more than one of Depends, Imports, Suggests, Enhances: ‘lattice’ ‘robustbase’ A package should be listed in only one of these fields. Flavors: r-devel-linux-x86_64-debian-clang, r-devel-linux-x86_64-debian-gcc, r-devel-linux-x86_64-fedora-clang, r-devel-linux-x86_64-fedora-gcc, r-devel-windows-x86_64, r-patched-linux-x86_64, r-release-linux-x86_64, r-release-macos-arm64, r-release-macos-x86_64, r-release-windows-x86_64, r-oldrel-macos-arm64, r-oldrel-windows-x86_64