CRAN Package Check Results for Package customsteps

Last updated on 2020-05-27 07:50:54 CEST.

Flavor Version Tinstall Tcheck Ttotal Status Flags
r-devel-linux-x86_64-debian-clang 0.7.1.0 11.71 102.17 113.88 NOTE
r-devel-linux-x86_64-debian-gcc 0.7.1.0 9.08 76.84 85.92 NOTE
r-devel-linux-x86_64-fedora-clang 0.7.1.0 131.49 NOTE
r-devel-linux-x86_64-fedora-gcc 0.7.1.0 130.86 NOTE
r-devel-windows-ix86+x86_64 0.7.1.0 31.00 139.00 170.00 NOTE
r-patched-linux-x86_64 0.7.1.0 10.15 97.34 107.49 NOTE
r-patched-solaris-x86 0.7.1.0 188.30 NOTE
r-release-linux-x86_64 0.7.1.0 9.70 97.80 107.50 NOTE
r-release-osx-x86_64 0.7.1.0 NOTE
r-release-windows-ix86+x86_64 0.7.1.0 28.00 133.00 161.00 NOTE
r-oldrel-osx-x86_64 0.7.1.0 NOTE
r-oldrel-windows-ix86+x86_64 0.7.1.0 22.00 102.00 124.00 OK

Check Details

Version: 0.7.1.0
Check: package vignettes
Result: NOTE
    Package vignette with placeholder title 'Vignette Title':
     'customsteps.Rmd'
Flavors: r-devel-linux-x86_64-debian-clang, r-devel-linux-x86_64-debian-gcc, r-devel-windows-ix86+x86_64, r-patched-linux-x86_64, r-release-linux-x86_64, r-release-windows-ix86+x86_64

Version: 0.7.1.0
Check: dependencies in R code
Result: NOTE
    Namespaces in Imports field not imported from:
     ‘rlang’ ‘tidyselect’
     All declared Imports should be used.
Flavors: r-devel-linux-x86_64-fedora-clang, r-devel-linux-x86_64-fedora-gcc, r-patched-solaris-x86, r-release-osx-x86_64, r-oldrel-osx-x86_64