CRAN Package Check Results for Package cumulocityr

Last updated on 2022-09-28 06:54:04 CEST.

Flavor Version Tinstall Tcheck Ttotal Status Flags
r-devel-linux-x86_64-debian-clang 0.1.0 1.82 25.95 27.77 NOTE
r-devel-linux-x86_64-debian-gcc 0.1.0 1.95 20.91 22.86 NOTE
r-devel-linux-x86_64-fedora-clang 0.1.0 48.89 NOTE
r-devel-linux-x86_64-fedora-gcc 0.1.0 47.17 NOTE
r-devel-windows-x86_64 0.1.0 16.00 58.00 74.00 NOTE
r-patched-linux-x86_64 0.1.0 2.48 25.96 28.44 NOTE
r-release-linux-x86_64 0.1.0 2.45 25.66 28.11 NOTE
r-release-macos-arm64 0.1.0 14.00 NOTE
r-release-macos-x86_64 0.1.0 22.00 NOTE
r-release-windows-x86_64 0.1.0 20.00 57.00 77.00 NOTE
r-oldrel-macos-arm64 0.1.0 21.00 NOTE
r-oldrel-macos-x86_64 0.1.0 25.00 NOTE
r-oldrel-windows-ix86+x86_64 0.1.0 6.00 49.00 55.00 NOTE

Check Details

Version: 0.1.0
Check: LazyData
Result: NOTE
     'LazyData' is specified without a 'data' directory
Flavors: r-devel-linux-x86_64-debian-clang, r-devel-linux-x86_64-debian-gcc, r-devel-linux-x86_64-fedora-clang, r-devel-linux-x86_64-fedora-gcc, r-devel-windows-x86_64, r-patched-linux-x86_64, r-release-linux-x86_64, r-release-macos-arm64, r-release-macos-x86_64, r-release-windows-x86_64, r-oldrel-macos-arm64, r-oldrel-macos-x86_64, r-oldrel-windows-ix86+x86_64