CRAN Package Check Results for Package cubing

Last updated on 2020-05-25 01:48:50 CEST.

Flavor Version Tinstall Tcheck Ttotal Status Flags
r-devel-linux-x86_64-debian-clang 1.0-5 26.06 64.40 90.46 OK
r-devel-linux-x86_64-debian-gcc 1.0-5 24.97 50.60 75.57 OK
r-devel-linux-x86_64-fedora-clang 1.0-5 113.98 OK
r-devel-linux-x86_64-fedora-gcc 1.0-5 114.10 OK
r-devel-windows-ix86+x86_64 1.0-5 65.00 95.00 160.00 OK
r-patched-linux-x86_64 1.0-5 26.48 65.01 91.49 OK
r-patched-solaris-x86 1.0-5 187.10 OK
r-release-linux-x86_64 1.0-5 27.80 64.66 92.46 OK
r-release-osx-x86_64 1.0-5 OK
r-release-windows-ix86+x86_64 1.0-5 48.00 129.00 177.00 OK
r-oldrel-osx-x86_64 1.0-5 WARN
r-oldrel-windows-ix86+x86_64 1.0-5 47.00 114.00 161.00 OK

Check Details

Version: 1.0-5
Check: whether package can be installed
Result: WARN
    Found the following significant warnings:
     Warning: 'rgl_init' failed, running with rgl.useNULL = TRUE
Flavor: r-oldrel-osx-x86_64