CRAN Package Check Results for Package csrplus

Last updated on 2020-05-24 22:48:01 CEST.

Flavor Version Tinstall Tcheck Ttotal Status Flags
r-devel-linux-x86_64-debian-clang 1.03-0 2.91 28.00 30.91 NOTE
r-devel-linux-x86_64-debian-gcc 1.03-0 2.35 22.52 24.87 NOTE
r-devel-linux-x86_64-fedora-clang 1.03-0 37.21 NOTE
r-devel-linux-x86_64-fedora-gcc 1.03-0 36.88 NOTE
r-devel-windows-ix86+x86_64 1.03-0 11.00 56.00 67.00 NOTE
r-patched-linux-x86_64 1.03-0 2.64 27.82 30.46 NOTE
r-patched-solaris-x86 1.03-0 57.50 NOTE
r-release-linux-x86_64 1.03-0 2.92 27.91 30.83 NOTE
r-release-osx-x86_64 1.03-0 NOTE
r-release-windows-ix86+x86_64 1.03-0 6.00 55.00 61.00 NOTE
r-oldrel-osx-x86_64 1.03-0 NOTE
r-oldrel-windows-ix86+x86_64 1.03-0 6.00 56.00 62.00 NOTE

Check Details

Version: 1.03-0
Check: R code for possible problems
Result: NOTE
    pielou: no visible global function definition for 'runif'
    Undefined global functions or variables:
     runif
    Consider adding
     importFrom("stats", "runif")
    to your NAMESPACE file.
Flavors: r-devel-linux-x86_64-debian-clang, r-devel-linux-x86_64-debian-gcc, r-devel-linux-x86_64-fedora-clang, r-devel-linux-x86_64-fedora-gcc, r-devel-windows-ix86+x86_64, r-patched-linux-x86_64, r-patched-solaris-x86, r-release-linux-x86_64, r-release-osx-x86_64, r-release-windows-ix86+x86_64, r-oldrel-osx-x86_64, r-oldrel-windows-ix86+x86_64