CRAN Package Check Results for Package csampling

Last updated on 2022-11-30 12:54:28 CET.

Flavor Version Tinstall Tcheck Ttotal Status Flags
r-devel-linux-x86_64-debian-clang 1.2-2.1 10.67 69.73 80.40 NOTE
r-devel-linux-x86_64-debian-gcc 1.2-2.1 7.41 54.12 61.53 NOTE
r-devel-linux-x86_64-fedora-clang 1.2-2.1 109.10 NOTE
r-devel-linux-x86_64-fedora-gcc 1.2-2.1 126.13 NOTE
r-devel-windows-x86_64 1.2-2.1 11.00 93.00 104.00 NOTE
r-patched-linux-x86_64 1.2-2.1 7.49 68.91 76.40 NOTE
r-release-linux-x86_64 1.2-2.1 9.37 68.66 78.03 NOTE
r-release-macos-arm64 1.2-2.1 29.00 NOTE
r-release-macos-x86_64 1.2-2.1 41.00 NOTE
r-release-windows-x86_64 1.2-2.1 17.00 108.00 125.00 NOTE
r-oldrel-macos-arm64 1.2-2.1 37.00 NOTE
r-oldrel-macos-x86_64 1.2-2.1 50.00 NOTE
r-oldrel-windows-ix86+x86_64 1.2-2.1 18.00 86.00 104.00 NOTE

Check Details

Version: 1.2-2.1
Check: LazyData
Result: NOTE
     'LazyData' is specified without a 'data' directory
Flavors: r-devel-linux-x86_64-debian-clang, r-devel-linux-x86_64-debian-gcc, r-devel-linux-x86_64-fedora-clang, r-devel-linux-x86_64-fedora-gcc, r-devel-windows-x86_64, r-patched-linux-x86_64, r-release-linux-x86_64, r-release-macos-arm64, r-release-macos-x86_64, r-release-windows-x86_64, r-oldrel-macos-arm64, r-oldrel-macos-x86_64, r-oldrel-windows-ix86+x86_64