Last updated on 2023-02-02 21:49:59 CET.
Flavor | Version | Tinstall | Tcheck | Ttotal | Status | Flags |
---|---|---|---|---|---|---|
r-devel-linux-x86_64-debian-clang | 0.2.3 | 12.22 | 117.01 | 129.23 | OK | |
r-devel-linux-x86_64-debian-gcc | 0.2.3 | 10.21 | 87.88 | 98.09 | OK | |
r-devel-linux-x86_64-fedora-clang | 0.2.3 | 164.50 | NOTE | |||
r-devel-linux-x86_64-fedora-gcc | 0.2.3 | 170.61 | NOTE | |||
r-devel-windows-x86_64 | 0.2.3 | 31.00 | 154.00 | 185.00 | OK | |
r-patched-linux-x86_64 | 0.2.3 | 16.51 | 111.85 | 128.36 | OK | |
r-release-linux-x86_64 | 0.2.3 | 12.25 | 114.00 | 126.25 | OK | |
r-release-macos-arm64 | 0.2.3 | 45.00 | NOTE | |||
r-release-macos-x86_64 | 0.2.3 | 105.00 | NOTE | |||
r-release-windows-x86_64 | 0.2.3 | 29.00 | 162.00 | 191.00 | OK | |
r-oldrel-macos-arm64 | 0.2.3 | 63.00 | NOTE | |||
r-oldrel-macos-x86_64 | 0.2.3 | 86.00 | NOTE | |||
r-oldrel-windows-ix86+x86_64 | 0.2.3 | 28.00 | 136.00 | 164.00 | OK |
Version: 0.2.3
Check: data for non-ASCII characters
Result: NOTE
Note: found 500 marked UTF-8 strings
Flavors: r-devel-linux-x86_64-fedora-clang, r-devel-linux-x86_64-fedora-gcc, r-release-macos-arm64, r-release-macos-x86_64, r-oldrel-macos-arm64, r-oldrel-macos-x86_64