CRAN Package Check Results for Package crs

Last updated on 2021-02-26 01:48:23 CET.

Flavor Version Tinstall Tcheck Ttotal Status Flags
r-devel-linux-x86_64-debian-clang 0.15-33 276.05 240.06 516.11 OK
r-devel-linux-x86_64-debian-gcc 0.15-33 206.78 187.26 394.04 OK
r-devel-linux-x86_64-fedora-clang 0.15-33 816.52 NOTE
r-devel-linux-x86_64-fedora-gcc 0.15-33 701.92 OK
r-devel-windows-ix86+x86_64 0.15-33 484.00 162.00 646.00 NOTE --no-vignettes
r-patched-linux-x86_64 0.15-33 257.49 228.84 486.33 OK
r-patched-solaris-x86 0.15-33 987.00 NOTE
r-release-linux-x86_64 0.15-33 248.70 227.73 476.43 OK
r-release-macos-x86_64 0.15-33 NOTE
r-release-windows-ix86+x86_64 0.15-33 638.00 227.00 865.00 NOTE --no-vignettes
r-oldrel-macos-x86_64 0.15-33 NOTE
r-oldrel-windows-ix86+x86_64 0.15-33 471.00 199.00 670.00 NOTE --no-vignettes

Check Details

Version: 0.15-33
Check: installed package size
Result: NOTE
     installed size is 30.0Mb
     sub-directories of 1Mb or more:
     libs 28.3Mb
Flavors: r-devel-linux-x86_64-fedora-clang, r-patched-solaris-x86, r-release-macos-x86_64, r-oldrel-macos-x86_64

Version: 0.15-33
Flags: --no-vignettes
Check: installed package size
Result: NOTE
     installed size is 8.2Mb
     sub-directories of 1Mb or more:
     libs 6.6Mb
Flavors: r-devel-windows-ix86+x86_64, r-release-windows-ix86+x86_64, r-oldrel-windows-ix86+x86_64