CRAN Package Check Results for Package crossnma

Last updated on 2022-08-15 21:54:34 CEST.

Flavor Version Tinstall Tcheck Ttotal Status Flags
r-devel-linux-x86_64-debian-clang 1.0.1 18.10 354.45 372.55 OK
r-devel-linux-x86_64-debian-gcc 1.0.1 14.37 276.37 290.74 OK
r-devel-linux-x86_64-fedora-clang 1.0.1 471.16 OK
r-devel-linux-x86_64-fedora-gcc 1.0.1 455.00 OK
r-devel-windows-x86_64 1.0.1 29.00 448.00 477.00 OK
r-patched-linux-x86_64 1.0.1 23.71 351.43 375.14 OK
r-release-linux-x86_64 1.0.1 13.17 346.65 359.82 OK
r-release-macos-arm64 1.0.1 120.00 OK
r-release-macos-x86_64 1.0.1 167.00 OK
r-release-windows-x86_64 1.0.1 36.00 442.00 478.00 OK
r-oldrel-macos-arm64 1.0.1 128.00 OK
r-oldrel-macos-x86_64 1.0.1 152.00 OK
r-oldrel-windows-ix86+x86_64 1.0.1 37.00 444.00 481.00 ERROR

Check Details

Version: 1.0.1
Check: PDF version of manual
Result: WARN
    LaTeX errors when creating PDF version.
    This typically indicates Rd problems.
    LaTeX errors found:
    ! Package inputenc Error: Unicode char â<c2><80><c2><90> (U+2010)
    (inputenc) not set up for use with LaTeX.
    
    See the inputenc package documentation for explanation.
    Type H <return> for immediate help.
    ! Package inputenc Error: Unicode char â<c2><80><c2><90> (U+2010)
    (inputenc) not set up for use with LaTeX.
    
    See the inputenc package documentation for explanation.
    Type H <return> for immediate help.
Flavor: r-oldrel-windows-ix86+x86_64

Version: 1.0.1
Check: PDF version of manual without hyperrefs or index
Result: ERROR
Flavor: r-oldrel-windows-ix86+x86_64