CRAN Package Check Results for Package crossmap

Last updated on 2022-10-06 12:55:22 CEST.

Flavor Version Tinstall Tcheck Ttotal Status Flags
r-devel-linux-x86_64-debian-clang 0.3.3 3.53 147.09 150.62 OK
r-devel-linux-x86_64-debian-gcc 0.3.3 2.93 108.09 111.02 OK
r-devel-linux-x86_64-fedora-clang 0.3.3 199.63 NOTE
r-devel-linux-x86_64-fedora-gcc 0.3.3 201.02 NOTE
r-devel-windows-x86_64 0.3.3 30.00 174.00 204.00 OK
r-patched-linux-x86_64 0.3.3 4.09 134.96 139.05 OK
r-release-linux-x86_64 0.3.3 3.10 135.34 138.44 OK
r-release-macos-arm64 0.3.3 59.00 NOTE
r-release-macos-x86_64 0.3.3 110.00 NOTE
r-release-windows-x86_64 0.3.3 36.00 171.00 207.00 OK
r-oldrel-macos-arm64 0.3.3 54.00 NOTE
r-oldrel-macos-x86_64 0.3.3 98.00 NOTE
r-oldrel-windows-ix86+x86_64 0.3.3 27.00 162.00 189.00 OK

Check Details

Version: 0.3.3
Check: dependencies in R code
Result: NOTE
    Namespace in Imports field not imported from: ‘utils’
     All declared Imports should be used.
Flavors: r-devel-linux-x86_64-fedora-clang, r-devel-linux-x86_64-fedora-gcc, r-release-macos-arm64, r-release-macos-x86_64, r-oldrel-macos-arm64, r-oldrel-macos-x86_64