Last updated on 2022-08-20 01:49:55 CEST.
Flavor | Version | Tinstall | Tcheck | Ttotal | Status | Flags |
---|---|---|---|---|---|---|
r-devel-linux-x86_64-debian-clang | 0.5.1 | 3.49 | 36.23 | 39.72 | NOTE | |
r-devel-linux-x86_64-debian-gcc | 0.5.1 | 3.38 | 28.97 | 32.35 | NOTE | |
r-devel-linux-x86_64-fedora-clang | 0.5.1 | 63.34 | NOTE | |||
r-devel-linux-x86_64-fedora-gcc | 0.5.1 | 59.19 | NOTE | |||
r-devel-windows-x86_64 | 0.5.1 | 14.00 | 61.00 | 75.00 | NOTE | |
r-patched-linux-x86_64 | 0.5.1 | 3.25 | 35.56 | 38.81 | NOTE | |
r-release-linux-x86_64 | 0.5.1 | NOTE | ||||
r-release-macos-arm64 | 0.5.1 | 18.00 | NOTE | |||
r-release-macos-x86_64 | 0.5.1 | 30.00 | NOTE | |||
r-release-windows-x86_64 | 0.5.1 | 25.00 | 63.00 | 88.00 | NOTE | |
r-oldrel-macos-arm64 | 0.5.1 | 24.00 | NOTE | |||
r-oldrel-macos-x86_64 | 0.5.1 | 31.00 | NOTE | |||
r-oldrel-windows-ix86+x86_64 | 0.5.1 | 11.00 | 61.00 | 72.00 | NOTE |
Version: 0.5.1
Check: LazyData
Result: NOTE
'LazyData' is specified without a 'data' directory
Flavors: r-devel-linux-x86_64-debian-clang, r-devel-linux-x86_64-debian-gcc, r-devel-linux-x86_64-fedora-clang, r-devel-linux-x86_64-fedora-gcc, r-devel-windows-x86_64, r-patched-linux-x86_64, r-release-linux-x86_64, r-release-macos-arm64, r-release-macos-x86_64, r-release-windows-x86_64, r-oldrel-macos-arm64, r-oldrel-macos-x86_64, r-oldrel-windows-ix86+x86_64