Last updated on 2022-08-10 21:53:39 CEST.
Flavor | Version | Tinstall | Tcheck | Ttotal | Status | Flags |
---|---|---|---|---|---|---|
r-devel-linux-x86_64-debian-clang | 1.0.2 | 23.15 | 221.89 | 245.04 | NOTE | --no-vignettes |
r-devel-linux-x86_64-debian-gcc | 1.0.2 | 19.78 | 159.32 | 179.10 | NOTE | --no-vignettes |
r-devel-linux-x86_64-fedora-clang | 1.0.2 | 628.04 | OK | |||
r-devel-linux-x86_64-fedora-gcc | 1.0.2 | 632.66 | OK | |||
r-devel-windows-x86_64 | 1.0.2 | 184.00 | 286.00 | 470.00 | OK | --no-vignettes |
r-patched-linux-x86_64 | 1.0.2 | 33.07 | 202.85 | 235.92 | OK | --no-vignettes |
r-release-linux-x86_64 | 1.0.2 | OK | --no-vignettes | |||
r-release-macos-arm64 | 1.0.2 | 245.00 | OK | |||
r-release-macos-x86_64 | 1.0.2 | 339.00 | OK | |||
r-release-windows-x86_64 | 1.0.2 | 196.00 | 276.00 | 472.00 | OK | --no-vignettes |
r-oldrel-macos-arm64 | 1.0.2 | 319.00 | OK | |||
r-oldrel-macos-x86_64 | 1.0.2 | 338.00 | OK | |||
r-oldrel-windows-ix86+x86_64 | 1.0.2 | 55.00 | 254.00 | 309.00 | OK | --no-vignettes |
Version: 1.0.2
Flags: --no-vignettes
Check: HTML version of manual
Result: NOTE
Found the following HTML validation problems:
plot-PseudoDualFlexiSimulations-missing-method.html:19:1: Warning: missing </h2> before <dl>
plot-PseudoDualFlexiSimulations-missing-method.html:32:28: Warning: discarding unexpected </h2>
Flavors: r-devel-linux-x86_64-debian-clang, r-devel-linux-x86_64-debian-gcc