CRAN Package Check Results for Package crmPack

Last updated on 2020-11-01 01:47:19 CET.

Flavor Version Tinstall Tcheck Ttotal Status Flags
r-devel-linux-x86_64-debian-clang 1.0.0 21.07 195.78 216.85 NOTE --no-vignettes
r-devel-linux-x86_64-debian-gcc 1.0.0 17.75 147.73 165.48 NOTE --no-vignettes
r-devel-linux-x86_64-fedora-clang 1.0.0 1493.51 OK
r-devel-linux-x86_64-fedora-gcc 1.0.0 1472.86 OK
r-devel-windows-ix86+x86_64 1.0.0 52.00 246.00 298.00 NOTE --no-vignettes
r-patched-linux-x86_64 1.0.0 19.39 183.42 202.81 NOTE --no-vignettes
r-patched-solaris-x86 1.0.0 308.90 OK --no-vignettes
r-release-linux-x86_64 1.0.0 18.52 184.47 202.99 NOTE --no-vignettes
r-release-macos-x86_64 1.0.0 OK
r-release-windows-ix86+x86_64 1.0.0 38.00 257.00 295.00 NOTE --no-vignettes
r-oldrel-macos-x86_64 1.0.0 OK
r-oldrel-windows-ix86+x86_64 1.0.0 43.00 200.00 243.00 OK --no-vignettes

Check Details

Version: 1.0.0
Flags: --no-vignettes
Check: package vignettes
Result: NOTE
    Package vignette with placeholder title 'Vignette Title':
     'guidelines.Rmd'
Flavors: r-devel-linux-x86_64-debian-clang, r-devel-linux-x86_64-debian-gcc, r-devel-windows-ix86+x86_64, r-patched-linux-x86_64, r-release-linux-x86_64, r-release-windows-ix86+x86_64