CRAN Package Check Results for Package crispRdesignR

Last updated on 2022-08-15 19:51:14 CEST.

Flavor Version Tinstall Tcheck Ttotal Status Flags
r-devel-linux-x86_64-debian-clang 1.1.6 5.70 61.97 67.67 NOTE
r-devel-linux-x86_64-debian-gcc 1.1.6 4.82 46.17 50.99 NOTE
r-devel-linux-x86_64-fedora-clang 1.1.6 96.46 NOTE
r-devel-linux-x86_64-fedora-gcc 1.1.6 89.65 NOTE
r-devel-windows-x86_64 1.1.6 15.00 80.00 95.00 NOTE
r-patched-linux-x86_64 1.1.6 5.32 58.40 63.72 NOTE
r-release-linux-x86_64 1.1.6 6.45 57.90 64.35 NOTE
r-release-macos-arm64 1.1.6 27.00 NOTE
r-release-macos-x86_64 1.1.6 49.00 NOTE
r-release-windows-x86_64 1.1.6 27.00 88.00 115.00 NOTE
r-oldrel-macos-arm64 1.1.6 35.00 NOTE
r-oldrel-macos-x86_64 1.1.6 49.00 NOTE
r-oldrel-windows-ix86+x86_64 1.1.6 14.00 86.00 100.00 NOTE

Check Details

Version: 1.1.6
Check: LazyData
Result: NOTE
     'LazyData' is specified without a 'data' directory
Flavors: r-devel-linux-x86_64-debian-clang, r-devel-linux-x86_64-debian-gcc, r-devel-linux-x86_64-fedora-clang, r-devel-linux-x86_64-fedora-gcc, r-devel-windows-x86_64, r-patched-linux-x86_64, r-release-linux-x86_64, r-release-macos-arm64, r-release-macos-x86_64, r-release-windows-x86_64, r-oldrel-macos-arm64, r-oldrel-macos-x86_64, r-oldrel-windows-ix86+x86_64

Version: 1.1.6
Check: dependencies in R code
Result: NOTE
    Namespaces in Imports field not imported from:
     ‘DT’ ‘gbm’
     All declared Imports should be used.
Flavors: r-devel-linux-x86_64-fedora-clang, r-devel-linux-x86_64-fedora-gcc, r-release-macos-arm64, r-release-macos-x86_64, r-oldrel-macos-arm64, r-oldrel-macos-x86_64

Version: 1.1.6
Check: package dependencies
Result: NOTE
    Package suggested but not available for checking: ‘BSgenome.Scerevisiae.UCSC.sacCer2’
Flavors: r-release-macos-arm64, r-release-macos-x86_64, r-oldrel-macos-arm64, r-oldrel-macos-x86_64