CRAN Package Check Results for Package credule

Last updated on 2024-06-15 12:48:17 CEST.

Flavor Version Tinstall Tcheck Ttotal Status Flags
r-devel-linux-x86_64-debian-clang 0.1.4 3.42 23.83 27.25 OK
r-devel-linux-x86_64-debian-gcc 0.1.4 2.45 18.77 21.22 OK
r-devel-linux-x86_64-fedora-clang 0.1.4 35.99 NOTE
r-devel-linux-x86_64-fedora-gcc 0.1.4 50.01 NOTE
r-devel-windows-x86_64 0.1.4 5.00 43.00 48.00 OK
r-patched-linux-x86_64 0.1.4 3.24 23.14 26.38 OK
r-release-linux-x86_64 0.1.4 2.57 23.41 25.98 OK
r-release-macos-arm64 0.1.4 21.00 OK
r-release-macos-x86_64 0.1.4 35.00 OK
r-release-windows-x86_64 0.1.4 7.00 42.00 49.00 OK
r-oldrel-macos-arm64 0.1.4 27.00 OK
r-oldrel-macos-x86_64 0.1.4 33.00 OK
r-oldrel-windows-x86_64 0.1.4 5.00 42.00 47.00 OK

Check Details

Version: 0.1.4
Check: compiled code
Result: NOTE File ‘credule/libs/credule.so’: Found no calls to: ‘R_registerRoutines’, ‘R_useDynamicSymbols’ It is good practice to register native routines and to disable symbol search. See ‘Writing portable packages’ in the ‘Writing R Extensions’ manual. Flavors: r-devel-linux-x86_64-fedora-clang, r-devel-linux-x86_64-fedora-gcc