CRAN Package Check Results for Package credule

Last updated on 2025-01-23 12:54:55 CET.

Flavor Version Tinstall Tcheck Ttotal Status Flags
r-devel-linux-x86_64-debian-clang 0.1.4 2.58 18.91 21.49 OK
r-devel-linux-x86_64-debian-gcc 0.1.4 2.02 15.71 17.73 OK
r-devel-linux-x86_64-fedora-clang 0.1.4 35.64 NOTE
r-devel-linux-x86_64-fedora-gcc 0.1.4 51.86 NOTE
r-devel-windows-x86_64 0.1.4 5.00 45.00 50.00 OK
r-patched-linux-x86_64 0.1.4 2.36 18.17 20.53 OK
r-release-linux-x86_64 0.1.4 2.18 18.23 20.41 OK
r-release-macos-arm64 0.1.4 21.00 OK
r-release-macos-x86_64 0.1.4 35.00 OK
r-release-windows-x86_64 0.1.4 5.00 44.00 49.00 OK
r-oldrel-macos-arm64 0.1.4 27.00 OK
r-oldrel-macos-x86_64 0.1.4 33.00 OK
r-oldrel-windows-x86_64 0.1.4 7.00 43.00 50.00 OK

Check Details

Version: 0.1.4
Check: compiled code
Result: NOTE File ‘credule/libs/credule.so’: Found no calls to: ‘R_registerRoutines’, ‘R_useDynamicSymbols’ It is good practice to register native routines and to disable symbol search. See ‘Writing portable packages’ in the ‘Writing R Extensions’ manual. Flavors: r-devel-linux-x86_64-fedora-clang, r-devel-linux-x86_64-fedora-gcc