CRAN Package Check Results for Package cranlike

Last updated on 2022-10-01 01:49:01 CEST.

Flavor Version Tinstall Tcheck Ttotal Status Flags
r-devel-linux-x86_64-debian-clang 1.0.2 5.95 50.48 56.43 NOTE
r-devel-linux-x86_64-debian-gcc 1.0.2 4.60 39.34 43.94 NOTE
r-devel-linux-x86_64-fedora-clang 1.0.2 83.14 NOTE
r-devel-linux-x86_64-fedora-gcc 1.0.2 76.74 NOTE
r-devel-windows-x86_64 1.0.2 15.00 79.00 94.00 NOTE
r-patched-linux-x86_64 1.0.2 6.24 48.52 54.76 NOTE
r-release-linux-x86_64 1.0.2 5.38 48.17 53.55 NOTE
r-release-macos-arm64 1.0.2 23.00 NOTE
r-release-macos-x86_64 1.0.2 31.00 NOTE
r-release-windows-x86_64 1.0.2 16.00 75.00 91.00 NOTE
r-oldrel-macos-arm64 1.0.2 30.00 NOTE
r-oldrel-macos-x86_64 1.0.2 41.00 NOTE
r-oldrel-windows-ix86+x86_64 1.0.2 13.00 74.00 87.00 NOTE

Check Details

Version: 1.0.2
Check: LazyData
Result: NOTE
     'LazyData' is specified without a 'data' directory
Flavors: r-devel-linux-x86_64-debian-clang, r-devel-linux-x86_64-debian-gcc, r-devel-linux-x86_64-fedora-clang, r-devel-linux-x86_64-fedora-gcc, r-devel-windows-x86_64, r-patched-linux-x86_64, r-release-linux-x86_64, r-release-macos-arm64, r-release-macos-x86_64, r-release-windows-x86_64, r-oldrel-macos-arm64, r-oldrel-macos-x86_64, r-oldrel-windows-ix86+x86_64