CRAN Package Check Results for Package crandep

Last updated on 2022-10-04 12:53:36 CEST.

Flavor Version Tinstall Tcheck Ttotal Status Flags
r-devel-linux-x86_64-debian-clang 0.3.1 39.71 413.20 452.91 OK
r-devel-linux-x86_64-debian-gcc 0.3.1 32.78 310.26 343.04 OK
r-devel-linux-x86_64-fedora-clang 0.3.1 581.07 OK
r-devel-linux-x86_64-fedora-gcc 0.3.1 568.71 OK
r-devel-windows-x86_64 0.3.1 48.00 618.00 666.00 OK
r-patched-linux-x86_64 0.3.1 36.90 397.21 434.11 OK
r-release-linux-x86_64 0.3.1 35.38 403.13 438.51 OK
r-release-macos-arm64 0.3.1 232.00 NOTE
r-release-macos-x86_64 0.3.1 259.00 NOTE
r-release-windows-x86_64 0.3.1 50.00 601.00 651.00 OK
r-oldrel-macos-arm64 0.3.1 222.00 NOTE
r-oldrel-macos-x86_64 0.3.1 297.00 NOTE
r-oldrel-windows-ix86+x86_64 0.3.1 107.00 659.00 766.00 NOTE

Check Details

Version: 0.3.1
Check: installed package size
Result: NOTE
     installed size is 6.4Mb
     sub-directories of 1Mb or more:
     data 1.2Mb
     doc 2.3Mb
     libs 2.8Mb
Flavors: r-release-macos-arm64, r-release-macos-x86_64, r-oldrel-macos-arm64, r-oldrel-macos-x86_64, r-oldrel-windows-ix86+x86_64