CRAN Package Check Results for Package cqcr

Last updated on 2022-10-04 12:53:36 CEST.

Flavor Version Tinstall Tcheck Ttotal Status Flags
r-devel-linux-x86_64-debian-clang 0.1.2 1.99 30.41 32.40 NOTE
r-devel-linux-x86_64-debian-gcc 0.1.2 1.81 23.92 25.73 NOTE
r-devel-linux-x86_64-fedora-clang 0.1.2 54.28 NOTE
r-devel-linux-x86_64-fedora-gcc 0.1.2 49.97 NOTE
r-devel-windows-x86_64 0.1.2 15.00 63.00 78.00 NOTE
r-patched-linux-x86_64 0.1.2 2.86 30.16 33.02 NOTE
r-release-linux-x86_64 0.1.2 2.59 28.45 31.04 NOTE
r-release-macos-arm64 0.1.2 16.00 NOTE
r-release-macos-x86_64 0.1.2 34.00 NOTE
r-release-windows-x86_64 0.1.2 14.00 66.00 80.00 NOTE
r-oldrel-macos-arm64 0.1.2 40.00 NOTE
r-oldrel-macos-x86_64 0.1.2 34.00 NOTE
r-oldrel-windows-ix86+x86_64 0.1.2 6.00 54.00 60.00 NOTE

Check Details

Version: 0.1.2
Check: LazyData
Result: NOTE
     'LazyData' is specified without a 'data' directory
Flavors: r-devel-linux-x86_64-debian-clang, r-devel-linux-x86_64-debian-gcc, r-devel-linux-x86_64-fedora-clang, r-devel-linux-x86_64-fedora-gcc, r-devel-windows-x86_64, r-patched-linux-x86_64, r-release-linux-x86_64, r-release-macos-arm64, r-release-macos-x86_64, r-release-windows-x86_64, r-oldrel-macos-arm64, r-oldrel-macos-x86_64, r-oldrel-windows-ix86+x86_64