CRAN Package Check Results for Package cplexAPI

Last updated on 2020-07-07 02:08:11 CEST.

Flavor Version Tinstall Tcheck Ttotal Status Flags
r-devel-linux-x86_64-debian-clang 1.3.6 8.43 54.30 62.73 OK --no-examples --no-tests --no-vignettes
r-devel-linux-x86_64-debian-gcc 1.3.6 7.07 42.40 49.47 OK --no-examples --no-tests --no-vignettes
r-patched-linux-x86_64 1.3.6 7.90 54.09 61.99 OK --no-examples --no-tests --no-vignettes
r-release-linux-x86_64 1.3.6 8.45 54.43 62.88 OK --no-examples --no-tests --no-vignettes
r-release-osx-x86_64 1.3.6 ERROR
r-release-windows-ix86+x86_64 1.3.6 2.00 7.00 9.00 ERROR
r-oldrel-osx-x86_64 1.3.6 ERROR

Check Details

Version: 1.3.6
Check: whether package can be installed
Result: ERROR
    Installation failed.
Flavors: r-release-osx-x86_64, r-release-windows-ix86+x86_64, r-oldrel-osx-x86_64