CRAN Package Check Results for Package cpcens

Last updated on 2020-05-25 01:48:49 CEST.

Flavor Version Tinstall Tcheck Ttotal Status Flags
r-devel-linux-x86_64-debian-clang 0.1.0 5.59 94.93 100.52 OK
r-devel-linux-x86_64-debian-gcc 0.1.0 4.23 70.13 74.36 OK
r-devel-linux-x86_64-fedora-clang 0.1.0 119.91 NOTE
r-devel-linux-x86_64-fedora-gcc 0.1.0 116.15 NOTE
r-devel-windows-ix86+x86_64 0.1.0 18.00 100.00 118.00 OK
r-patched-linux-x86_64 0.1.0 4.91 93.60 98.51 OK
r-patched-solaris-x86 0.1.0 182.20 NOTE
r-release-linux-x86_64 0.1.0 5.74 93.25 98.99 OK
r-release-osx-x86_64 0.1.0 NOTE
r-release-windows-ix86+x86_64 0.1.0 12.00 144.00 156.00 OK
r-oldrel-osx-x86_64 0.1.0 NOTE
r-oldrel-windows-ix86+x86_64 0.1.0 10.00 101.00 111.00 OK

Check Details

Version: 0.1.0
Check: dependencies in R code
Result: NOTE
    Namespace in Imports field not imported from: ‘cents’
     All declared Imports should be used.
Flavors: r-devel-linux-x86_64-fedora-clang, r-devel-linux-x86_64-fedora-gcc, r-patched-solaris-x86, r-release-osx-x86_64, r-oldrel-osx-x86_64