Last updated on 2023-12-11 00:49:03 CET.
Flavor | Version | Tinstall | Tcheck | Ttotal | Status | Flags |
---|---|---|---|---|---|---|
r-devel-linux-x86_64-debian-clang | 1.0.1 | 9.43 | 68.76 | 78.19 | NOTE | |
r-devel-linux-x86_64-debian-gcc | 1.0.1 | 7.60 | 53.00 | 60.60 | NOTE | |
r-devel-linux-x86_64-fedora-clang | 1.0.1 | 96.68 | OK | |||
r-devel-linux-x86_64-fedora-gcc | 1.0.1 | 90.70 | OK | |||
r-devel-windows-x86_64 | 1.0.1 | 14.00 | 75.00 | 89.00 | OK | |
r-patched-linux-x86_64 | 1.0.1 | 9.45 | 67.89 | 77.34 | OK | |
r-release-linux-x86_64 | 1.0.1 | 9.77 | 68.32 | 78.09 | OK | |
r-release-macos-arm64 | 1.0.1 | 33.00 | OK | |||
r-release-macos-x86_64 | 1.0.1 | 55.00 | OK | |||
r-release-windows-x86_64 | 1.0.1 | 17.00 | 81.00 | 98.00 | OK | |
r-oldrel-macos-arm64 | 1.0.1 | 38.00 | OK | |||
r-oldrel-macos-x86_64 | 1.0.1 | 46.00 | OK | |||
r-oldrel-windows-x86_64 | 1.0.1 | 17.00 | 83.00 | 100.00 | OK |
Version: 1.0.1
Check: Rd files
Result: NOTE
checkRd: (-1) gen_data.Rd:21: Lost braces in \itemize; \value handles \item{}{} directly
checkRd: (-1) gen_data.Rd:22: Lost braces in \itemize; \value handles \item{}{} directly
checkRd: (-1) gen_data.Rd:23-24: Lost braces in \itemize; \value handles \item{}{} directly
checkRd: (-1) plot.coxr.Rd:36: Lost braces in \itemize; \value handles \item{}{} directly
checkRd: (-1) plot.coxr.Rd:37: Lost braces in \itemize; \value handles \item{}{} directly
checkRd: (-1) plot.coxr.Rd:38-39: Lost braces in \itemize; \value handles \item{}{} directly
Flavors: r-devel-linux-x86_64-debian-clang, r-devel-linux-x86_64-debian-gcc