Last updated on 2023-12-11 00:49:03 CET.
Flavor | Version | Tinstall | Tcheck | Ttotal | Status | Flags |
---|---|---|---|---|---|---|
r-devel-linux-x86_64-debian-clang | 4.0.3 | 13.40 | 93.40 | 106.80 | OK | |
r-devel-linux-x86_64-debian-gcc | 4.0.3 | 9.19 | 70.25 | 79.44 | OK | |
r-devel-linux-x86_64-fedora-clang | 4.0.3 | 137.79 | NOTE | |||
r-devel-linux-x86_64-fedora-gcc | 4.0.3 | 147.84 | OK | |||
r-devel-windows-x86_64 | 4.0.3 | 14.00 | 101.00 | 115.00 | OK | |
r-patched-linux-x86_64 | 4.0.3 | 14.38 | 89.34 | 103.72 | OK | |
r-release-linux-x86_64 | 4.0.3 | 11.64 | 89.93 | 101.57 | OK | |
r-release-macos-arm64 | 4.0.3 | 54.00 | OK | |||
r-release-macos-x86_64 | 4.0.3 | 125.00 | OK | |||
r-release-windows-x86_64 | 4.0.3 | 15.00 | 111.00 | 126.00 | OK | |
r-oldrel-macos-arm64 | 4.0.3 | 48.00 | OK | |||
r-oldrel-macos-x86_64 | 4.0.2 | 56.00 | OK | |||
r-oldrel-windows-x86_64 | 4.0.3 | 16.00 | 109.00 | 125.00 | OK |
Version: 4.0.3
Check: installed package size
Result: NOTE
installed size is 7.0Mb
sub-directories of 1Mb or more:
libs 6.4Mb
Flavor: r-devel-linux-x86_64-fedora-clang